{"id":227355,"date":"2026-04-13T21:00:21","date_gmt":"2026-04-13T21:00:21","guid":{"rendered":"https:\/\/www.museumtv.art\/?post_type=program&#038;p=227355"},"modified":"2026-04-13T21:00:21","modified_gmt":"2026-04-13T21:00:21","slug":"27584-episode-8-s-e08","status":"publish","type":"program","link":"https:\/\/www.museumtv.art\/en\/program\/27584-episode-8-s-e08\/","title":{"rendered":"Gallery Iragui  &#8211; The series &#8220;The Native People of Pacific World&#8221; by Carlos Noronha Feio"},"content":{"rendered":"<p>In the JAM (Just a Moment) series, Art Paris and Museum TV bring works to life through the words of gallerists and artists. In this episode, discover the series \u2018The Native People of the Pacific World\u2019 by Carlos Noronha Feio, presented by Ekatherina Iragui, director of the Iragui Gallery.<\/p>\n","protected":false},"excerpt":{"rendered":"<p>In this episode, discover a series by Carlos Noronha Feio, presented by the Iragui Gallery.<\/p>\n","protected":false},"featured_media":227547,"parent":0,"menu_order":0,"template":"","format":"standard","meta":[],"program_type":[15],"group":[2488,548],"d_category":[667],"genre":[2491],"class_list":["post-227355","program","type-program","status-publish","format-standard","has-post-thumbnail","hentry","program_type-episode","group-beaux-arts","group-visites","d_category-beaux-arts","genre-documentary"],"yoast_head":"<!-- This site is optimized with the Yoast SEO plugin v24.0 - https:\/\/yoast.com\/wordpress\/plugins\/seo\/ -->\n<title>Gallery Iragui - The series &quot;The Native People of Pacific World&quot; by Carlos Noronha Feio - Museum TV<\/title>\n<meta name=\"robots\" content=\"index, follow, max-snippet:-1, max-image-preview:large, max-video-preview:-1\" \/>\n<link rel=\"canonical\" href=\"https:\/\/www.museumtv.art\/en\/program\/27584-episode-8-s-e08\/\" \/>\n<meta property=\"og:locale\" content=\"en_US\" \/>\n<meta property=\"og:type\" content=\"article\" \/>\n<meta property=\"og:title\" content=\"Gallery Iragui - The series &quot;The Native People of Pacific World&quot; by Carlos Noronha Feio - Museum TV\" \/>\n<meta property=\"og:description\" content=\"In this episode, discover a series by Carlos Noronha Feio, presented by the Iragui Gallery.\" \/>\n<meta property=\"og:url\" content=\"https:\/\/www.museumtv.art\/en\/program\/27584-episode-8-s-e08\/\" \/>\n<meta property=\"og:site_name\" content=\"Museum TV\" \/>\n<meta property=\"article:publisher\" content=\"https:\/\/www.facebook.com\/museumtv.art\/\" \/>\n<meta property=\"og:image\" content=\"https:\/\/www.museumtv.art\/wp-content\/uploads\/2026\/03\/jam-saison-7-galerie-iragui-la-serie-the-native-people-of-pacific-world-par-carlos-noronha-feio69bce4098dad1.jpg\" \/>\n\t<meta property=\"og:image:width\" content=\"1920\" \/>\n\t<meta property=\"og:image:height\" content=\"1080\" \/>\n\t<meta property=\"og:image:type\" content=\"image\/jpeg\" \/>\n<meta name=\"twitter:card\" content=\"summary_large_image\" \/>\n<script type=\"application\/ld+json\" class=\"yoast-schema-graph\">{\"@context\":\"https:\/\/schema.org\",\"@graph\":[{\"@type\":\"WebPage\",\"@id\":\"https:\/\/www.museumtv.art\/en\/program\/27584-episode-8-s-e08\/\",\"url\":\"https:\/\/www.museumtv.art\/en\/program\/27584-episode-8-s-e08\/\",\"name\":\"Gallery Iragui - The series \\\"The Native People of Pacific World\\\" by Carlos Noronha Feio - Museum TV\",\"isPartOf\":{\"@id\":\"https:\/\/www.museumtv.art\/#website\"},\"primaryImageOfPage\":{\"@id\":\"https:\/\/www.museumtv.art\/en\/program\/27584-episode-8-s-e08\/#primaryimage\"},\"image\":{\"@id\":\"https:\/\/www.museumtv.art\/en\/program\/27584-episode-8-s-e08\/#primaryimage\"},\"thumbnailUrl\":\"https:\/\/www.museumtv.art\/wp-content\/uploads\/2026\/03\/jam-saison-7-galerie-iragui-la-serie-the-native-people-of-pacific-world-par-carlos-noronha-feio69bce4098dad1.jpg\",\"datePublished\":\"2026-04-13T21:00:21+00:00\",\"dateModified\":\"2026-04-13T21:00:21+00:00\",\"breadcrumb\":{\"@id\":\"https:\/\/www.museumtv.art\/en\/program\/27584-episode-8-s-e08\/#breadcrumb\"},\"inLanguage\":\"en-US\",\"potentialAction\":[{\"@type\":\"ReadAction\",\"target\":[\"https:\/\/www.museumtv.art\/en\/program\/27584-episode-8-s-e08\/\"]}]},{\"@type\":\"ImageObject\",\"inLanguage\":\"en-US\",\"@id\":\"https:\/\/www.museumtv.art\/en\/program\/27584-episode-8-s-e08\/#primaryimage\",\"url\":\"https:\/\/www.museumtv.art\/wp-content\/uploads\/2026\/03\/jam-saison-7-galerie-iragui-la-serie-the-native-people-of-pacific-world-par-carlos-noronha-feio69bce4098dad1.jpg\",\"contentUrl\":\"https:\/\/www.museumtv.art\/wp-content\/uploads\/2026\/03\/jam-saison-7-galerie-iragui-la-serie-the-native-people-of-pacific-world-par-carlos-noronha-feio69bce4098dad1.jpg\",\"width\":1920,\"height\":1080,\"caption\":\"Dans cet \u00e9pisode, d\u00e9couvrez une s\u00e9rie de Carlos Noronha Feio racont\u00e9 par la galerie Iragui.\"},{\"@type\":\"BreadcrumbList\",\"@id\":\"https:\/\/www.museumtv.art\/en\/program\/27584-episode-8-s-e08\/#breadcrumb\",\"itemListElement\":[{\"@type\":\"ListItem\",\"position\":1,\"name\":\"Accueil\",\"item\":\"https:\/\/www.museumtv.art\/en\/\"},{\"@type\":\"ListItem\",\"position\":2,\"name\":\"Programs\",\"item\":\"https:\/\/www.museumtv.art\/programs\/\"},{\"@type\":\"ListItem\",\"position\":3,\"name\":\"Gallery Iragui &#8211; The series \u00ab\u00a0The Native People of Pacific World\u00a0\u00bb by Carlos Noronha Feio\"}]},{\"@type\":\"WebSite\",\"@id\":\"https:\/\/www.museumtv.art\/#website\",\"url\":\"https:\/\/www.museumtv.art\/\",\"name\":\"Museum TV\",\"description\":\"The first channel dedicated to art\",\"publisher\":{\"@id\":\"https:\/\/www.museumtv.art\/#organization\"},\"potentialAction\":[{\"@type\":\"SearchAction\",\"target\":{\"@type\":\"EntryPoint\",\"urlTemplate\":\"https:\/\/www.museumtv.art\/?s={search_term_string}\"},\"query-input\":{\"@type\":\"PropertyValueSpecification\",\"valueRequired\":true,\"valueName\":\"search_term_string\"}}],\"inLanguage\":\"en-US\"},{\"@type\":\"Organization\",\"@id\":\"https:\/\/www.museumtv.art\/#organization\",\"name\":\"Museum TV\",\"url\":\"https:\/\/www.museumtv.art\/\",\"logo\":{\"@type\":\"ImageObject\",\"inLanguage\":\"en-US\",\"@id\":\"https:\/\/www.museumtv.art\/#\/schema\/logo\/image\/\",\"url\":\"https:\/\/www.museumtv.art\/wp-content\/uploads\/2021\/10\/apple-touch-icon-1.png\",\"contentUrl\":\"https:\/\/www.museumtv.art\/wp-content\/uploads\/2021\/10\/apple-touch-icon-1.png\",\"width\":180,\"height\":180,\"caption\":\"Museum TV\"},\"image\":{\"@id\":\"https:\/\/www.museumtv.art\/#\/schema\/logo\/image\/\"},\"sameAs\":[\"https:\/\/www.facebook.com\/museumtv.art\/\",\"https:\/\/www.instagram.com\/museumtv_art\/?hl=fr\",\"https:\/\/www.linkedin.com\/company\/museumtv\"]}]}<\/script>\n<!-- \/ Yoast SEO plugin. -->","yoast_head_json":{"title":"Gallery Iragui - The series \"The Native People of Pacific World\" by Carlos Noronha Feio - Museum TV","robots":{"index":"index","follow":"follow","max-snippet":"max-snippet:-1","max-image-preview":"max-image-preview:large","max-video-preview":"max-video-preview:-1"},"canonical":"https:\/\/www.museumtv.art\/en\/program\/27584-episode-8-s-e08\/","og_locale":"en_US","og_type":"article","og_title":"Gallery Iragui - The series \"The Native People of Pacific World\" by Carlos Noronha Feio - Museum TV","og_description":"In this episode, discover a series by Carlos Noronha Feio, presented by the Iragui Gallery.","og_url":"https:\/\/www.museumtv.art\/en\/program\/27584-episode-8-s-e08\/","og_site_name":"Museum TV","article_publisher":"https:\/\/www.facebook.com\/museumtv.art\/","og_image":[{"width":1920,"height":1080,"url":"https:\/\/www.museumtv.art\/wp-content\/uploads\/2026\/03\/jam-saison-7-galerie-iragui-la-serie-the-native-people-of-pacific-world-par-carlos-noronha-feio69bce4098dad1.jpg","type":"image\/jpeg"}],"twitter_card":"summary_large_image","schema":{"@context":"https:\/\/schema.org","@graph":[{"@type":"WebPage","@id":"https:\/\/www.museumtv.art\/en\/program\/27584-episode-8-s-e08\/","url":"https:\/\/www.museumtv.art\/en\/program\/27584-episode-8-s-e08\/","name":"Gallery Iragui - The series \"The Native People of Pacific World\" by Carlos Noronha Feio - Museum TV","isPartOf":{"@id":"https:\/\/www.museumtv.art\/#website"},"primaryImageOfPage":{"@id":"https:\/\/www.museumtv.art\/en\/program\/27584-episode-8-s-e08\/#primaryimage"},"image":{"@id":"https:\/\/www.museumtv.art\/en\/program\/27584-episode-8-s-e08\/#primaryimage"},"thumbnailUrl":"https:\/\/www.museumtv.art\/wp-content\/uploads\/2026\/03\/jam-saison-7-galerie-iragui-la-serie-the-native-people-of-pacific-world-par-carlos-noronha-feio69bce4098dad1.jpg","datePublished":"2026-04-13T21:00:21+00:00","dateModified":"2026-04-13T21:00:21+00:00","breadcrumb":{"@id":"https:\/\/www.museumtv.art\/en\/program\/27584-episode-8-s-e08\/#breadcrumb"},"inLanguage":"en-US","potentialAction":[{"@type":"ReadAction","target":["https:\/\/www.museumtv.art\/en\/program\/27584-episode-8-s-e08\/"]}]},{"@type":"ImageObject","inLanguage":"en-US","@id":"https:\/\/www.museumtv.art\/en\/program\/27584-episode-8-s-e08\/#primaryimage","url":"https:\/\/www.museumtv.art\/wp-content\/uploads\/2026\/03\/jam-saison-7-galerie-iragui-la-serie-the-native-people-of-pacific-world-par-carlos-noronha-feio69bce4098dad1.jpg","contentUrl":"https:\/\/www.museumtv.art\/wp-content\/uploads\/2026\/03\/jam-saison-7-galerie-iragui-la-serie-the-native-people-of-pacific-world-par-carlos-noronha-feio69bce4098dad1.jpg","width":1920,"height":1080,"caption":"Dans cet \u00e9pisode, d\u00e9couvrez une s\u00e9rie de Carlos Noronha Feio racont\u00e9 par la galerie Iragui."},{"@type":"BreadcrumbList","@id":"https:\/\/www.museumtv.art\/en\/program\/27584-episode-8-s-e08\/#breadcrumb","itemListElement":[{"@type":"ListItem","position":1,"name":"Accueil","item":"https:\/\/www.museumtv.art\/en\/"},{"@type":"ListItem","position":2,"name":"Programs","item":"https:\/\/www.museumtv.art\/programs\/"},{"@type":"ListItem","position":3,"name":"Gallery Iragui &#8211; The series \u00ab\u00a0The Native People of Pacific World\u00a0\u00bb by Carlos Noronha Feio"}]},{"@type":"WebSite","@id":"https:\/\/www.museumtv.art\/#website","url":"https:\/\/www.museumtv.art\/","name":"Museum TV","description":"The first channel dedicated to art","publisher":{"@id":"https:\/\/www.museumtv.art\/#organization"},"potentialAction":[{"@type":"SearchAction","target":{"@type":"EntryPoint","urlTemplate":"https:\/\/www.museumtv.art\/?s={search_term_string}"},"query-input":{"@type":"PropertyValueSpecification","valueRequired":true,"valueName":"search_term_string"}}],"inLanguage":"en-US"},{"@type":"Organization","@id":"https:\/\/www.museumtv.art\/#organization","name":"Museum TV","url":"https:\/\/www.museumtv.art\/","logo":{"@type":"ImageObject","inLanguage":"en-US","@id":"https:\/\/www.museumtv.art\/#\/schema\/logo\/image\/","url":"https:\/\/www.museumtv.art\/wp-content\/uploads\/2021\/10\/apple-touch-icon-1.png","contentUrl":"https:\/\/www.museumtv.art\/wp-content\/uploads\/2021\/10\/apple-touch-icon-1.png","width":180,"height":180,"caption":"Museum TV"},"image":{"@id":"https:\/\/www.museumtv.art\/#\/schema\/logo\/image\/"},"sameAs":["https:\/\/www.facebook.com\/museumtv.art\/","https:\/\/www.instagram.com\/museumtv_art\/?hl=fr","https:\/\/www.linkedin.com\/company\/museumtv"]}]}},"status_options":[{"label":"Inactive","value":"inactive"}],"_links":{"self":[{"href":"https:\/\/www.museumtv.art\/en\/wp-json\/wp\/v2\/programs\/227355","targetHints":{"allow":["GET"]}}],"collection":[{"href":"https:\/\/www.museumtv.art\/en\/wp-json\/wp\/v2\/programs"}],"about":[{"href":"https:\/\/www.museumtv.art\/en\/wp-json\/wp\/v2\/types\/program"}],"wp:featuredmedia":[{"embeddable":true,"href":"https:\/\/www.museumtv.art\/en\/wp-json\/wp\/v2\/media\/227547"}],"wp:attachment":[{"href":"https:\/\/www.museumtv.art\/en\/wp-json\/wp\/v2\/media?parent=227355"}],"wp:term":[{"taxonomy":"program_type","embeddable":true,"href":"https:\/\/www.museumtv.art\/en\/wp-json\/wp\/v2\/program_type?post=227355"},{"taxonomy":"group","embeddable":true,"href":"https:\/\/www.museumtv.art\/en\/wp-json\/wp\/v2\/group?post=227355"},{"taxonomy":"d_category","embeddable":true,"href":"https:\/\/www.museumtv.art\/en\/wp-json\/wp\/v2\/d_category?post=227355"},{"taxonomy":"genre","embeddable":true,"href":"https:\/\/www.museumtv.art\/en\/wp-json\/wp\/v2\/genre?post=227355"}],"curies":[{"name":"wp","href":"https:\/\/api.w.org\/{rel}","templated":true}]}}

<!-- This site is optimized with the Yoast SEO plugin v24.0 - https://yoast.com/wordpress/plugins/seo/ -->
<title>Gallery Iragui - The series &quot;The Native People of Pacific World&quot; by Carlos Noronha Feio - Museum TV</title>
<meta name="robots" content="index, follow, max-snippet:-1, max-image-preview:large, max-video-preview:-1" />
<link rel="canonical" href="https://www.museumtv.art/en/program/27584-episode-8-s-e08/" />
<meta property="og:locale" content="en_US" />
<meta property="og:type" content="article" />
<meta property="og:title" content="Gallery Iragui - The series &quot;The Native People of Pacific World&quot; by Carlos Noronha Feio - Museum TV" />
<meta property="og:description" content="In this episode, discover a series by Carlos Noronha Feio, presented by the Iragui Gallery." />
<meta property="og:url" content="https://www.museumtv.art/en/program/27584-episode-8-s-e08/" />
<meta property="og:site_name" content="Museum TV" />
<meta property="article:publisher" content="https://www.facebook.com/museumtv.art/" />
<meta property="og:image" content="https://www.museumtv.art/wp-content/uploads/2026/03/jam-saison-7-galerie-iragui-la-serie-the-native-people-of-pacific-world-par-carlos-noronha-feio69bce4098dad1.jpg" />
	<meta property="og:image:width" content="1920" />
	<meta property="og:image:height" content="1080" />
	<meta property="og:image:type" content="image/jpeg" />
<meta name="twitter:card" content="summary_large_image" />
<script type="application/ld+json" class="yoast-schema-graph">{"@context":"https://schema.org","@graph":[{"@type":"WebPage","@id":"https://www.museumtv.art/en/program/27584-episode-8-s-e08/","url":"https://www.museumtv.art/en/program/27584-episode-8-s-e08/","name":"Gallery Iragui - The series \"The Native People of Pacific World\" by Carlos Noronha Feio - Museum TV","isPartOf":{"@id":"https://www.museumtv.art/#website"},"primaryImageOfPage":{"@id":"https://www.museumtv.art/en/program/27584-episode-8-s-e08/#primaryimage"},"image":{"@id":"https://www.museumtv.art/en/program/27584-episode-8-s-e08/#primaryimage"},"thumbnailUrl":"https://www.museumtv.art/wp-content/uploads/2026/03/jam-saison-7-galerie-iragui-la-serie-the-native-people-of-pacific-world-par-carlos-noronha-feio69bce4098dad1.jpg","datePublished":"2026-04-13T21:00:21+00:00","dateModified":"2026-04-13T21:00:21+00:00","breadcrumb":{"@id":"https://www.museumtv.art/en/program/27584-episode-8-s-e08/#breadcrumb"},"inLanguage":"en-US","potentialAction":[{"@type":"ReadAction","target":["https://www.museumtv.art/en/program/27584-episode-8-s-e08/"]}]},{"@type":"ImageObject","inLanguage":"en-US","@id":"https://www.museumtv.art/en/program/27584-episode-8-s-e08/#primaryimage","url":"https://www.museumtv.art/wp-content/uploads/2026/03/jam-saison-7-galerie-iragui-la-serie-the-native-people-of-pacific-world-par-carlos-noronha-feio69bce4098dad1.jpg","contentUrl":"https://www.museumtv.art/wp-content/uploads/2026/03/jam-saison-7-galerie-iragui-la-serie-the-native-people-of-pacific-world-par-carlos-noronha-feio69bce4098dad1.jpg","width":1920,"height":1080,"caption":"Dans cet épisode, découvrez une série de Carlos Noronha Feio raconté par la galerie Iragui."},{"@type":"BreadcrumbList","@id":"https://www.museumtv.art/en/program/27584-episode-8-s-e08/#breadcrumb","itemListElement":[{"@type":"ListItem","position":1,"name":"Accueil","item":"https://www.museumtv.art/en/"},{"@type":"ListItem","position":2,"name":"Programs","item":"https://www.museumtv.art/programs/"},{"@type":"ListItem","position":3,"name":"Gallery Iragui &#8211; The series « The Native People of Pacific World » by Carlos Noronha Feio"}]},{"@type":"WebSite","@id":"https://www.museumtv.art/#website","url":"https://www.museumtv.art/","name":"Museum TV","description":"The first channel dedicated to art","publisher":{"@id":"https://www.museumtv.art/#organization"},"potentialAction":[{"@type":"SearchAction","target":{"@type":"EntryPoint","urlTemplate":"https://www.museumtv.art/?s={search_term_string}"},"query-input":{"@type":"PropertyValueSpecification","valueRequired":true,"valueName":"search_term_string"}}],"inLanguage":"en-US"},{"@type":"Organization","@id":"https://www.museumtv.art/#organization","name":"Museum TV","url":"https://www.museumtv.art/","logo":{"@type":"ImageObject","inLanguage":"en-US","@id":"https://www.museumtv.art/#/schema/logo/image/","url":"https://www.museumtv.art/wp-content/uploads/2021/10/apple-touch-icon-1.png","contentUrl":"https://www.museumtv.art/wp-content/uploads/2021/10/apple-touch-icon-1.png","width":180,"height":180,"caption":"Museum TV"},"image":{"@id":"https://www.museumtv.art/#/schema/logo/image/"},"sameAs":["https://www.facebook.com/museumtv.art/","https://www.instagram.com/museumtv_art/?hl=fr","https://www.linkedin.com/company/museumtv"]}]}</script>
<!-- / Yoast SEO plugin. -->

Dans cet épisode, découvrez une série de Carlos Noronha Feio raconté par la galerie Iragui.
