{"id":214524,"date":"2025-11-21T06:08:31","date_gmt":"2025-11-21T06:08:31","guid":{"rendered":"https:\/\/www.museumtv.art\/?post_type=program&#038;p=214524"},"modified":"2026-03-08T06:09:17","modified_gmt":"2026-03-08T06:09:17","slug":"27275-episode-1-s-e01","status":"publish","type":"program","link":"https:\/\/www.museumtv.art\/en\/program\/27275-episode-1-s-e01\/","title":{"rendered":"Episode 1"},"content":{"rendered":"<p>In the first episode of a new series, art historian Kate Bryan traces the origins of portraiture and the National Portrait gallery itself. She starts by chatting to the NPG director Nicholas Cullinan about the massive refurbishment project now reaching its final few weeks. With the help of in-house curators, Kate then explores the Tudors and the Stuarts in portraiture: from Hans Holbein and Elizabeth I to William Shakespeare and Anthony van Dyck. She finds out how portraiture became its own genre in the 16th century and was used to project power and status by the Tudor dynasty. In addition, we discover the little-known story of John Blanke, a black trumpeter for Henry VIII captured in the Westminster Tournament Roll. The episode ends in the 17th century with Kate uncovering the stories of Anthony van Dyke and Peter Lely: European masters who set up studios in London and fulfilled commissions with the help studio assistants.<\/p>\n","protected":false},"excerpt":{"rendered":"<p>Kate Bryan discovers the treasures in the National Portrait Gallery, from the Tudor period to the 17th century.<\/p>\n","protected":false},"featured_media":226711,"parent":0,"menu_order":0,"template":"","format":"standard","meta":[],"program_type":[15],"group":[545],"d_category":[667],"genre":[2491],"class_list":["post-214524","program","type-program","status-publish","format-standard","has-post-thumbnail","hentry","program_type-episode","group-decryptage","d_category-beaux-arts","genre-documentary"],"yoast_head":"<!-- This site is optimized with the Yoast SEO plugin v24.0 - https:\/\/yoast.com\/wordpress\/plugins\/seo\/ -->\n<title>Episode 1 - Museum TV<\/title>\n<meta name=\"robots\" content=\"index, follow, max-snippet:-1, max-image-preview:large, max-video-preview:-1\" \/>\n<link rel=\"canonical\" href=\"https:\/\/www.museumtv.art\/en\/program\/27275-episode-1-s-e01\/\" \/>\n<meta property=\"og:locale\" content=\"en_US\" \/>\n<meta property=\"og:type\" content=\"article\" \/>\n<meta property=\"og:title\" content=\"Episode 1 - Museum TV\" \/>\n<meta property=\"og:description\" content=\"Kate Bryan discovers the treasures in the National Portrait Gallery, from the Tudor period to the 17th century.\" \/>\n<meta property=\"og:url\" content=\"https:\/\/www.museumtv.art\/en\/program\/27275-episode-1-s-e01\/\" \/>\n<meta property=\"og:site_name\" content=\"Museum TV\" \/>\n<meta property=\"article:publisher\" content=\"https:\/\/www.facebook.com\/museumtv.art\/\" \/>\n<meta property=\"article:modified_time\" content=\"2026-03-08T06:09:17+00:00\" \/>\n<meta property=\"og:image\" content=\"https:\/\/www.museumtv.art\/wp-content\/uploads\/2025\/07\/histoires-de-la-national-portrait-gallery-saison-1-episode-16866b0b3c6ca9-scaled.jpg\" \/>\n\t<meta property=\"og:image:width\" content=\"2560\" \/>\n\t<meta property=\"og:image:height\" content=\"1707\" \/>\n\t<meta property=\"og:image:type\" content=\"image\/jpeg\" \/>\n<meta name=\"twitter:card\" content=\"summary_large_image\" \/>\n<meta name=\"twitter:label1\" content=\"Est. reading time\" \/>\n\t<meta name=\"twitter:data1\" content=\"1 minute\" \/>\n<script type=\"application\/ld+json\" class=\"yoast-schema-graph\">{\"@context\":\"https:\/\/schema.org\",\"@graph\":[{\"@type\":\"WebPage\",\"@id\":\"https:\/\/www.museumtv.art\/en\/program\/27275-episode-1-s-e01\/\",\"url\":\"https:\/\/www.museumtv.art\/en\/program\/27275-episode-1-s-e01\/\",\"name\":\"Episode 1 - Museum TV\",\"isPartOf\":{\"@id\":\"https:\/\/www.museumtv.art\/#website\"},\"primaryImageOfPage\":{\"@id\":\"https:\/\/www.museumtv.art\/en\/program\/27275-episode-1-s-e01\/#primaryimage\"},\"image\":{\"@id\":\"https:\/\/www.museumtv.art\/en\/program\/27275-episode-1-s-e01\/#primaryimage\"},\"thumbnailUrl\":\"https:\/\/www.museumtv.art\/wp-content\/uploads\/2025\/07\/histoires-de-la-national-portrait-gallery-saison-1-episode-16866b0b3c6ca9-scaled.jpg\",\"datePublished\":\"2025-11-21T06:08:31+00:00\",\"dateModified\":\"2026-03-08T06:09:17+00:00\",\"breadcrumb\":{\"@id\":\"https:\/\/www.museumtv.art\/en\/program\/27275-episode-1-s-e01\/#breadcrumb\"},\"inLanguage\":\"en-US\",\"potentialAction\":[{\"@type\":\"ReadAction\",\"target\":[\"https:\/\/www.museumtv.art\/en\/program\/27275-episode-1-s-e01\/\"]}]},{\"@type\":\"ImageObject\",\"inLanguage\":\"en-US\",\"@id\":\"https:\/\/www.museumtv.art\/en\/program\/27275-episode-1-s-e01\/#primaryimage\",\"url\":\"https:\/\/www.museumtv.art\/wp-content\/uploads\/2025\/07\/histoires-de-la-national-portrait-gallery-saison-1-episode-16866b0b3c6ca9-scaled.jpg\",\"contentUrl\":\"https:\/\/www.museumtv.art\/wp-content\/uploads\/2025\/07\/histoires-de-la-national-portrait-gallery-saison-1-episode-16866b0b3c6ca9-scaled.jpg\",\"width\":2560,\"height\":1707,\"caption\":\"Kate Bryan d\u00e9couvre les tr\u00e9sors de la National Portrait Gallery, de la p\u00e9riode Tudor au XVII\u1d49 si\u00e8cle.\"},{\"@type\":\"BreadcrumbList\",\"@id\":\"https:\/\/www.museumtv.art\/en\/program\/27275-episode-1-s-e01\/#breadcrumb\",\"itemListElement\":[{\"@type\":\"ListItem\",\"position\":1,\"name\":\"Accueil\",\"item\":\"https:\/\/www.museumtv.art\/en\/\"},{\"@type\":\"ListItem\",\"position\":2,\"name\":\"Programs\",\"item\":\"https:\/\/www.museumtv.art\/programs\/\"},{\"@type\":\"ListItem\",\"position\":3,\"name\":\"Episode 1\"}]},{\"@type\":\"WebSite\",\"@id\":\"https:\/\/www.museumtv.art\/#website\",\"url\":\"https:\/\/www.museumtv.art\/\",\"name\":\"Museum TV\",\"description\":\"The first channel dedicated to art\",\"publisher\":{\"@id\":\"https:\/\/www.museumtv.art\/#organization\"},\"potentialAction\":[{\"@type\":\"SearchAction\",\"target\":{\"@type\":\"EntryPoint\",\"urlTemplate\":\"https:\/\/www.museumtv.art\/?s={search_term_string}\"},\"query-input\":{\"@type\":\"PropertyValueSpecification\",\"valueRequired\":true,\"valueName\":\"search_term_string\"}}],\"inLanguage\":\"en-US\"},{\"@type\":\"Organization\",\"@id\":\"https:\/\/www.museumtv.art\/#organization\",\"name\":\"Museum TV\",\"url\":\"https:\/\/www.museumtv.art\/\",\"logo\":{\"@type\":\"ImageObject\",\"inLanguage\":\"en-US\",\"@id\":\"https:\/\/www.museumtv.art\/#\/schema\/logo\/image\/\",\"url\":\"https:\/\/www.museumtv.art\/wp-content\/uploads\/2021\/10\/apple-touch-icon-1.png\",\"contentUrl\":\"https:\/\/www.museumtv.art\/wp-content\/uploads\/2021\/10\/apple-touch-icon-1.png\",\"width\":180,\"height\":180,\"caption\":\"Museum TV\"},\"image\":{\"@id\":\"https:\/\/www.museumtv.art\/#\/schema\/logo\/image\/\"},\"sameAs\":[\"https:\/\/www.facebook.com\/museumtv.art\/\",\"https:\/\/www.instagram.com\/museumtv_art\/?hl=fr\",\"https:\/\/www.linkedin.com\/company\/museumtv\"]}]}<\/script>\n<!-- \/ Yoast SEO plugin. -->","yoast_head_json":{"title":"Episode 1 - Museum TV","robots":{"index":"index","follow":"follow","max-snippet":"max-snippet:-1","max-image-preview":"max-image-preview:large","max-video-preview":"max-video-preview:-1"},"canonical":"https:\/\/www.museumtv.art\/en\/program\/27275-episode-1-s-e01\/","og_locale":"en_US","og_type":"article","og_title":"Episode 1 - Museum TV","og_description":"Kate Bryan discovers the treasures in the National Portrait Gallery, from the Tudor period to the 17th century.","og_url":"https:\/\/www.museumtv.art\/en\/program\/27275-episode-1-s-e01\/","og_site_name":"Museum TV","article_publisher":"https:\/\/www.facebook.com\/museumtv.art\/","article_modified_time":"2026-03-08T06:09:17+00:00","og_image":[{"width":2560,"height":1707,"url":"https:\/\/www.museumtv.art\/wp-content\/uploads\/2025\/07\/histoires-de-la-national-portrait-gallery-saison-1-episode-16866b0b3c6ca9-scaled.jpg","type":"image\/jpeg"}],"twitter_card":"summary_large_image","twitter_misc":{"Est. reading time":"1 minute"},"schema":{"@context":"https:\/\/schema.org","@graph":[{"@type":"WebPage","@id":"https:\/\/www.museumtv.art\/en\/program\/27275-episode-1-s-e01\/","url":"https:\/\/www.museumtv.art\/en\/program\/27275-episode-1-s-e01\/","name":"Episode 1 - Museum TV","isPartOf":{"@id":"https:\/\/www.museumtv.art\/#website"},"primaryImageOfPage":{"@id":"https:\/\/www.museumtv.art\/en\/program\/27275-episode-1-s-e01\/#primaryimage"},"image":{"@id":"https:\/\/www.museumtv.art\/en\/program\/27275-episode-1-s-e01\/#primaryimage"},"thumbnailUrl":"https:\/\/www.museumtv.art\/wp-content\/uploads\/2025\/07\/histoires-de-la-national-portrait-gallery-saison-1-episode-16866b0b3c6ca9-scaled.jpg","datePublished":"2025-11-21T06:08:31+00:00","dateModified":"2026-03-08T06:09:17+00:00","breadcrumb":{"@id":"https:\/\/www.museumtv.art\/en\/program\/27275-episode-1-s-e01\/#breadcrumb"},"inLanguage":"en-US","potentialAction":[{"@type":"ReadAction","target":["https:\/\/www.museumtv.art\/en\/program\/27275-episode-1-s-e01\/"]}]},{"@type":"ImageObject","inLanguage":"en-US","@id":"https:\/\/www.museumtv.art\/en\/program\/27275-episode-1-s-e01\/#primaryimage","url":"https:\/\/www.museumtv.art\/wp-content\/uploads\/2025\/07\/histoires-de-la-national-portrait-gallery-saison-1-episode-16866b0b3c6ca9-scaled.jpg","contentUrl":"https:\/\/www.museumtv.art\/wp-content\/uploads\/2025\/07\/histoires-de-la-national-portrait-gallery-saison-1-episode-16866b0b3c6ca9-scaled.jpg","width":2560,"height":1707,"caption":"Kate Bryan d\u00e9couvre les tr\u00e9sors de la National Portrait Gallery, de la p\u00e9riode Tudor au XVII\u1d49 si\u00e8cle."},{"@type":"BreadcrumbList","@id":"https:\/\/www.museumtv.art\/en\/program\/27275-episode-1-s-e01\/#breadcrumb","itemListElement":[{"@type":"ListItem","position":1,"name":"Accueil","item":"https:\/\/www.museumtv.art\/en\/"},{"@type":"ListItem","position":2,"name":"Programs","item":"https:\/\/www.museumtv.art\/programs\/"},{"@type":"ListItem","position":3,"name":"Episode 1"}]},{"@type":"WebSite","@id":"https:\/\/www.museumtv.art\/#website","url":"https:\/\/www.museumtv.art\/","name":"Museum TV","description":"The first channel dedicated to art","publisher":{"@id":"https:\/\/www.museumtv.art\/#organization"},"potentialAction":[{"@type":"SearchAction","target":{"@type":"EntryPoint","urlTemplate":"https:\/\/www.museumtv.art\/?s={search_term_string}"},"query-input":{"@type":"PropertyValueSpecification","valueRequired":true,"valueName":"search_term_string"}}],"inLanguage":"en-US"},{"@type":"Organization","@id":"https:\/\/www.museumtv.art\/#organization","name":"Museum TV","url":"https:\/\/www.museumtv.art\/","logo":{"@type":"ImageObject","inLanguage":"en-US","@id":"https:\/\/www.museumtv.art\/#\/schema\/logo\/image\/","url":"https:\/\/www.museumtv.art\/wp-content\/uploads\/2021\/10\/apple-touch-icon-1.png","contentUrl":"https:\/\/www.museumtv.art\/wp-content\/uploads\/2021\/10\/apple-touch-icon-1.png","width":180,"height":180,"caption":"Museum TV"},"image":{"@id":"https:\/\/www.museumtv.art\/#\/schema\/logo\/image\/"},"sameAs":["https:\/\/www.facebook.com\/museumtv.art\/","https:\/\/www.instagram.com\/museumtv_art\/?hl=fr","https:\/\/www.linkedin.com\/company\/museumtv"]}]}},"status_options":[{"label":"Inactive","value":"inactive"}],"_links":{"self":[{"href":"https:\/\/www.museumtv.art\/en\/wp-json\/wp\/v2\/programs\/214524","targetHints":{"allow":["GET"]}}],"collection":[{"href":"https:\/\/www.museumtv.art\/en\/wp-json\/wp\/v2\/programs"}],"about":[{"href":"https:\/\/www.museumtv.art\/en\/wp-json\/wp\/v2\/types\/program"}],"wp:featuredmedia":[{"embeddable":true,"href":"https:\/\/www.museumtv.art\/en\/wp-json\/wp\/v2\/media\/226711"}],"wp:attachment":[{"href":"https:\/\/www.museumtv.art\/en\/wp-json\/wp\/v2\/media?parent=214524"}],"wp:term":[{"taxonomy":"program_type","embeddable":true,"href":"https:\/\/www.museumtv.art\/en\/wp-json\/wp\/v2\/program_type?post=214524"},{"taxonomy":"group","embeddable":true,"href":"https:\/\/www.museumtv.art\/en\/wp-json\/wp\/v2\/group?post=214524"},{"taxonomy":"d_category","embeddable":true,"href":"https:\/\/www.museumtv.art\/en\/wp-json\/wp\/v2\/d_category?post=214524"},{"taxonomy":"genre","embeddable":true,"href":"https:\/\/www.museumtv.art\/en\/wp-json\/wp\/v2\/genre?post=214524"}],"curies":[{"name":"wp","href":"https:\/\/api.w.org\/{rel}","templated":true}]}}

<!-- This site is optimized with the Yoast SEO plugin v24.0 - https://yoast.com/wordpress/plugins/seo/ -->
<title>Episode 1 - Museum TV</title>
<meta name="robots" content="index, follow, max-snippet:-1, max-image-preview:large, max-video-preview:-1" />
<link rel="canonical" href="https://www.museumtv.art/en/program/27275-episode-1-s-e01/" />
<meta property="og:locale" content="en_US" />
<meta property="og:type" content="article" />
<meta property="og:title" content="Episode 1 - Museum TV" />
<meta property="og:description" content="Kate Bryan discovers the treasures in the National Portrait Gallery, from the Tudor period to the 17th century." />
<meta property="og:url" content="https://www.museumtv.art/en/program/27275-episode-1-s-e01/" />
<meta property="og:site_name" content="Museum TV" />
<meta property="article:publisher" content="https://www.facebook.com/museumtv.art/" />
<meta property="article:modified_time" content="2026-03-08T06:09:17+00:00" />
<meta property="og:image" content="https://www.museumtv.art/wp-content/uploads/2025/07/histoires-de-la-national-portrait-gallery-saison-1-episode-16866b0b3c6ca9-scaled.jpg" />
	<meta property="og:image:width" content="2560" />
	<meta property="og:image:height" content="1707" />
	<meta property="og:image:type" content="image/jpeg" />
<meta name="twitter:card" content="summary_large_image" />
<meta name="twitter:label1" content="Est. reading time" />
	<meta name="twitter:data1" content="1 minute" />
<script type="application/ld+json" class="yoast-schema-graph">{"@context":"https://schema.org","@graph":[{"@type":"WebPage","@id":"https://www.museumtv.art/en/program/27275-episode-1-s-e01/","url":"https://www.museumtv.art/en/program/27275-episode-1-s-e01/","name":"Episode 1 - Museum TV","isPartOf":{"@id":"https://www.museumtv.art/#website"},"primaryImageOfPage":{"@id":"https://www.museumtv.art/en/program/27275-episode-1-s-e01/#primaryimage"},"image":{"@id":"https://www.museumtv.art/en/program/27275-episode-1-s-e01/#primaryimage"},"thumbnailUrl":"https://www.museumtv.art/wp-content/uploads/2025/07/histoires-de-la-national-portrait-gallery-saison-1-episode-16866b0b3c6ca9-scaled.jpg","datePublished":"2025-11-21T06:08:31+00:00","dateModified":"2026-03-08T06:09:17+00:00","breadcrumb":{"@id":"https://www.museumtv.art/en/program/27275-episode-1-s-e01/#breadcrumb"},"inLanguage":"en-US","potentialAction":[{"@type":"ReadAction","target":["https://www.museumtv.art/en/program/27275-episode-1-s-e01/"]}]},{"@type":"ImageObject","inLanguage":"en-US","@id":"https://www.museumtv.art/en/program/27275-episode-1-s-e01/#primaryimage","url":"https://www.museumtv.art/wp-content/uploads/2025/07/histoires-de-la-national-portrait-gallery-saison-1-episode-16866b0b3c6ca9-scaled.jpg","contentUrl":"https://www.museumtv.art/wp-content/uploads/2025/07/histoires-de-la-national-portrait-gallery-saison-1-episode-16866b0b3c6ca9-scaled.jpg","width":2560,"height":1707,"caption":"Kate Bryan découvre les trésors de la National Portrait Gallery, de la période Tudor au XVIIᵉ siècle."},{"@type":"BreadcrumbList","@id":"https://www.museumtv.art/en/program/27275-episode-1-s-e01/#breadcrumb","itemListElement":[{"@type":"ListItem","position":1,"name":"Accueil","item":"https://www.museumtv.art/en/"},{"@type":"ListItem","position":2,"name":"Programs","item":"https://www.museumtv.art/programs/"},{"@type":"ListItem","position":3,"name":"Episode 1"}]},{"@type":"WebSite","@id":"https://www.museumtv.art/#website","url":"https://www.museumtv.art/","name":"Museum TV","description":"The first channel dedicated to art","publisher":{"@id":"https://www.museumtv.art/#organization"},"potentialAction":[{"@type":"SearchAction","target":{"@type":"EntryPoint","urlTemplate":"https://www.museumtv.art/?s={search_term_string}"},"query-input":{"@type":"PropertyValueSpecification","valueRequired":true,"valueName":"search_term_string"}}],"inLanguage":"en-US"},{"@type":"Organization","@id":"https://www.museumtv.art/#organization","name":"Museum TV","url":"https://www.museumtv.art/","logo":{"@type":"ImageObject","inLanguage":"en-US","@id":"https://www.museumtv.art/#/schema/logo/image/","url":"https://www.museumtv.art/wp-content/uploads/2021/10/apple-touch-icon-1.png","contentUrl":"https://www.museumtv.art/wp-content/uploads/2021/10/apple-touch-icon-1.png","width":180,"height":180,"caption":"Museum TV"},"image":{"@id":"https://www.museumtv.art/#/schema/logo/image/"},"sameAs":["https://www.facebook.com/museumtv.art/","https://www.instagram.com/museumtv_art/?hl=fr","https://www.linkedin.com/company/museumtv"]}]}</script>
<!-- / Yoast SEO plugin. -->

Kate Bryan découvre les trésors de la National Portrait Gallery, de la période Tudor au XVIIᵉ siècle.
