{"id":214511,"date":"2025-10-14T19:20:30","date_gmt":"2025-10-14T19:20:30","guid":{"rendered":"https:\/\/www.museumtv.art\/?post_type=program&#038;p=214511"},"modified":"2026-03-06T06:13:05","modified_gmt":"2026-03-06T06:13:05","slug":"27320-stories-from-the-national-gallery","status":"publish","type":"program","link":"https:\/\/www.museumtv.art\/en\/program\/27320-stories-from-the-national-gallery\/","title":{"rendered":"Stories From The National Gallery"},"content":{"rendered":"<p>Kate Bryan takes a behind the scenes look at the National Gallery, telling the story of its collection \u2013 the most iconic works and the most celebrated artists.<br \/>\n\u2018Stories from the National Gallery\u2019 is a new 2-part series fronted by Kate Bryan (PAOTY, LAOTY, Inside Art). Following the success of \u2018Stories from the National Portrait Gallery\u2019 \u2013 and to coincide with the National Gallery\u2019s 200th birthday \u2013 Sky Arts viewers will gain unprecedented access and discover the stories behind the key artworks in the nation\u2019s collection.<br \/>\n\u2018Stories from the National Gallery\u2019 will be a visual feast for viewers. They will discover new details about artists they know \u2013 from Turner to Van Gogh \u2013 and explore hidden treasures, all in the reassuring hands of presenter Kate Bryan and a revered institution. <\/p>\n","protected":false},"excerpt":{"rendered":"<p>Kate Bryan takes a behind the scenes look at the National Gallery, telling the story of its collection \u2013 the most iconic works and the most celebrated artists.<\/p>\n","protected":false},"featured_media":226707,"parent":0,"menu_order":0,"template":"","format":"standard","meta":[],"program_type":[17],"group":[544],"d_category":[666],"genre":[2491],"class_list":["post-214511","program","type-program","status-publish","format-standard","has-post-thumbnail","hentry","program_type-serie","group-decoding-art","d_category-fine-arts","genre-documentary"],"yoast_head":"<!-- This site is optimized with the Yoast SEO plugin v24.0 - https:\/\/yoast.com\/wordpress\/plugins\/seo\/ -->\n<title>Stories From The National Gallery - Museum TV<\/title>\n<meta name=\"robots\" content=\"index, follow, max-snippet:-1, max-image-preview:large, max-video-preview:-1\" \/>\n<link rel=\"canonical\" href=\"https:\/\/www.museumtv.art\/en\/program\/27320-stories-from-the-national-gallery\/\" \/>\n<meta property=\"og:locale\" content=\"en_US\" \/>\n<meta property=\"og:type\" content=\"article\" \/>\n<meta property=\"og:title\" content=\"Stories From The National Gallery - Museum TV\" \/>\n<meta property=\"og:description\" content=\"Kate Bryan takes a behind the scenes look at the National Gallery, telling the story of its collection \u2013 the most iconic works and the most celebrated artists.\" \/>\n<meta property=\"og:url\" content=\"https:\/\/www.museumtv.art\/en\/program\/27320-stories-from-the-national-gallery\/\" \/>\n<meta property=\"og:site_name\" content=\"Museum TV\" \/>\n<meta property=\"article:publisher\" content=\"https:\/\/www.facebook.com\/museumtv.art\/\" \/>\n<meta property=\"article:modified_time\" content=\"2026-03-06T06:13:05+00:00\" \/>\n<meta property=\"og:image\" content=\"https:\/\/www.museumtv.art\/wp-content\/uploads\/2025\/07\/histoires-de-la-national-gallery-saison-16866b09f4c3e5-1024x683.jpg\" \/>\n\t<meta property=\"og:image:width\" content=\"1024\" \/>\n\t<meta property=\"og:image:height\" content=\"683\" \/>\n\t<meta property=\"og:image:type\" content=\"image\/jpeg\" \/>\n<meta name=\"twitter:card\" content=\"summary_large_image\" \/>\n<meta name=\"twitter:label1\" content=\"Est. reading time\" \/>\n\t<meta name=\"twitter:data1\" content=\"1 minute\" \/>\n<script type=\"application\/ld+json\" class=\"yoast-schema-graph\">{\"@context\":\"https:\/\/schema.org\",\"@graph\":[{\"@type\":\"WebPage\",\"@id\":\"https:\/\/www.museumtv.art\/en\/program\/27320-stories-from-the-national-gallery\/\",\"url\":\"https:\/\/www.museumtv.art\/en\/program\/27320-stories-from-the-national-gallery\/\",\"name\":\"Stories From The National Gallery - Museum TV\",\"isPartOf\":{\"@id\":\"https:\/\/www.museumtv.art\/#website\"},\"primaryImageOfPage\":{\"@id\":\"https:\/\/www.museumtv.art\/en\/program\/27320-stories-from-the-national-gallery\/#primaryimage\"},\"image\":{\"@id\":\"https:\/\/www.museumtv.art\/en\/program\/27320-stories-from-the-national-gallery\/#primaryimage\"},\"thumbnailUrl\":\"https:\/\/www.museumtv.art\/wp-content\/uploads\/2025\/07\/histoires-de-la-national-gallery-saison-16866b09f4c3e5.jpg\",\"datePublished\":\"2025-10-14T19:20:30+00:00\",\"dateModified\":\"2026-03-06T06:13:05+00:00\",\"breadcrumb\":{\"@id\":\"https:\/\/www.museumtv.art\/en\/program\/27320-stories-from-the-national-gallery\/#breadcrumb\"},\"inLanguage\":\"en-US\",\"potentialAction\":[{\"@type\":\"ReadAction\",\"target\":[\"https:\/\/www.museumtv.art\/en\/program\/27320-stories-from-the-national-gallery\/\"]}]},{\"@type\":\"ImageObject\",\"inLanguage\":\"en-US\",\"@id\":\"https:\/\/www.museumtv.art\/en\/program\/27320-stories-from-the-national-gallery\/#primaryimage\",\"url\":\"https:\/\/www.museumtv.art\/wp-content\/uploads\/2025\/07\/histoires-de-la-national-gallery-saison-16866b09f4c3e5.jpg\",\"contentUrl\":\"https:\/\/www.museumtv.art\/wp-content\/uploads\/2025\/07\/histoires-de-la-national-gallery-saison-16866b09f4c3e5.jpg\",\"width\":7951,\"height\":5301,\"caption\":\"Kate Bryan nous emm\u00e8ne dans les coulisses de la National Gallery pour raconter l\u2019histoire de sa collection \u2013 des \u0153uvres les plus embl\u00e9matiques aux artistes les plus c\u00e9l\u00e9br\u00e9s.\"},{\"@type\":\"BreadcrumbList\",\"@id\":\"https:\/\/www.museumtv.art\/en\/program\/27320-stories-from-the-national-gallery\/#breadcrumb\",\"itemListElement\":[{\"@type\":\"ListItem\",\"position\":1,\"name\":\"Accueil\",\"item\":\"https:\/\/www.museumtv.art\/en\/\"},{\"@type\":\"ListItem\",\"position\":2,\"name\":\"Programs\",\"item\":\"https:\/\/www.museumtv.art\/programs\/\"},{\"@type\":\"ListItem\",\"position\":3,\"name\":\"Stories From The National Gallery\"}]},{\"@type\":\"WebSite\",\"@id\":\"https:\/\/www.museumtv.art\/#website\",\"url\":\"https:\/\/www.museumtv.art\/\",\"name\":\"Museum TV\",\"description\":\"The first channel dedicated to art\",\"publisher\":{\"@id\":\"https:\/\/www.museumtv.art\/#organization\"},\"potentialAction\":[{\"@type\":\"SearchAction\",\"target\":{\"@type\":\"EntryPoint\",\"urlTemplate\":\"https:\/\/www.museumtv.art\/?s={search_term_string}\"},\"query-input\":{\"@type\":\"PropertyValueSpecification\",\"valueRequired\":true,\"valueName\":\"search_term_string\"}}],\"inLanguage\":\"en-US\"},{\"@type\":\"Organization\",\"@id\":\"https:\/\/www.museumtv.art\/#organization\",\"name\":\"Museum TV\",\"url\":\"https:\/\/www.museumtv.art\/\",\"logo\":{\"@type\":\"ImageObject\",\"inLanguage\":\"en-US\",\"@id\":\"https:\/\/www.museumtv.art\/#\/schema\/logo\/image\/\",\"url\":\"https:\/\/www.museumtv.art\/wp-content\/uploads\/2021\/10\/apple-touch-icon-1.png\",\"contentUrl\":\"https:\/\/www.museumtv.art\/wp-content\/uploads\/2021\/10\/apple-touch-icon-1.png\",\"width\":180,\"height\":180,\"caption\":\"Museum TV\"},\"image\":{\"@id\":\"https:\/\/www.museumtv.art\/#\/schema\/logo\/image\/\"},\"sameAs\":[\"https:\/\/www.facebook.com\/museumtv.art\/\",\"https:\/\/www.instagram.com\/museumtv_art\/?hl=fr\",\"https:\/\/www.linkedin.com\/company\/museumtv\"]}]}<\/script>\n<!-- \/ Yoast SEO plugin. -->","yoast_head_json":{"title":"Stories From The National Gallery - Museum TV","robots":{"index":"index","follow":"follow","max-snippet":"max-snippet:-1","max-image-preview":"max-image-preview:large","max-video-preview":"max-video-preview:-1"},"canonical":"https:\/\/www.museumtv.art\/en\/program\/27320-stories-from-the-national-gallery\/","og_locale":"en_US","og_type":"article","og_title":"Stories From The National Gallery - Museum TV","og_description":"Kate Bryan takes a behind the scenes look at the National Gallery, telling the story of its collection \u2013 the most iconic works and the most celebrated artists.","og_url":"https:\/\/www.museumtv.art\/en\/program\/27320-stories-from-the-national-gallery\/","og_site_name":"Museum TV","article_publisher":"https:\/\/www.facebook.com\/museumtv.art\/","article_modified_time":"2026-03-06T06:13:05+00:00","og_image":[{"width":1024,"height":683,"url":"https:\/\/www.museumtv.art\/wp-content\/uploads\/2025\/07\/histoires-de-la-national-gallery-saison-16866b09f4c3e5-1024x683.jpg","type":"image\/jpeg"}],"twitter_card":"summary_large_image","twitter_misc":{"Est. reading time":"1 minute"},"schema":{"@context":"https:\/\/schema.org","@graph":[{"@type":"WebPage","@id":"https:\/\/www.museumtv.art\/en\/program\/27320-stories-from-the-national-gallery\/","url":"https:\/\/www.museumtv.art\/en\/program\/27320-stories-from-the-national-gallery\/","name":"Stories From The National Gallery - Museum TV","isPartOf":{"@id":"https:\/\/www.museumtv.art\/#website"},"primaryImageOfPage":{"@id":"https:\/\/www.museumtv.art\/en\/program\/27320-stories-from-the-national-gallery\/#primaryimage"},"image":{"@id":"https:\/\/www.museumtv.art\/en\/program\/27320-stories-from-the-national-gallery\/#primaryimage"},"thumbnailUrl":"https:\/\/www.museumtv.art\/wp-content\/uploads\/2025\/07\/histoires-de-la-national-gallery-saison-16866b09f4c3e5.jpg","datePublished":"2025-10-14T19:20:30+00:00","dateModified":"2026-03-06T06:13:05+00:00","breadcrumb":{"@id":"https:\/\/www.museumtv.art\/en\/program\/27320-stories-from-the-national-gallery\/#breadcrumb"},"inLanguage":"en-US","potentialAction":[{"@type":"ReadAction","target":["https:\/\/www.museumtv.art\/en\/program\/27320-stories-from-the-national-gallery\/"]}]},{"@type":"ImageObject","inLanguage":"en-US","@id":"https:\/\/www.museumtv.art\/en\/program\/27320-stories-from-the-national-gallery\/#primaryimage","url":"https:\/\/www.museumtv.art\/wp-content\/uploads\/2025\/07\/histoires-de-la-national-gallery-saison-16866b09f4c3e5.jpg","contentUrl":"https:\/\/www.museumtv.art\/wp-content\/uploads\/2025\/07\/histoires-de-la-national-gallery-saison-16866b09f4c3e5.jpg","width":7951,"height":5301,"caption":"Kate Bryan nous emm\u00e8ne dans les coulisses de la National Gallery pour raconter l\u2019histoire de sa collection \u2013 des \u0153uvres les plus embl\u00e9matiques aux artistes les plus c\u00e9l\u00e9br\u00e9s."},{"@type":"BreadcrumbList","@id":"https:\/\/www.museumtv.art\/en\/program\/27320-stories-from-the-national-gallery\/#breadcrumb","itemListElement":[{"@type":"ListItem","position":1,"name":"Accueil","item":"https:\/\/www.museumtv.art\/en\/"},{"@type":"ListItem","position":2,"name":"Programs","item":"https:\/\/www.museumtv.art\/programs\/"},{"@type":"ListItem","position":3,"name":"Stories From The National Gallery"}]},{"@type":"WebSite","@id":"https:\/\/www.museumtv.art\/#website","url":"https:\/\/www.museumtv.art\/","name":"Museum TV","description":"The first channel dedicated to art","publisher":{"@id":"https:\/\/www.museumtv.art\/#organization"},"potentialAction":[{"@type":"SearchAction","target":{"@type":"EntryPoint","urlTemplate":"https:\/\/www.museumtv.art\/?s={search_term_string}"},"query-input":{"@type":"PropertyValueSpecification","valueRequired":true,"valueName":"search_term_string"}}],"inLanguage":"en-US"},{"@type":"Organization","@id":"https:\/\/www.museumtv.art\/#organization","name":"Museum TV","url":"https:\/\/www.museumtv.art\/","logo":{"@type":"ImageObject","inLanguage":"en-US","@id":"https:\/\/www.museumtv.art\/#\/schema\/logo\/image\/","url":"https:\/\/www.museumtv.art\/wp-content\/uploads\/2021\/10\/apple-touch-icon-1.png","contentUrl":"https:\/\/www.museumtv.art\/wp-content\/uploads\/2021\/10\/apple-touch-icon-1.png","width":180,"height":180,"caption":"Museum TV"},"image":{"@id":"https:\/\/www.museumtv.art\/#\/schema\/logo\/image\/"},"sameAs":["https:\/\/www.facebook.com\/museumtv.art\/","https:\/\/www.instagram.com\/museumtv_art\/?hl=fr","https:\/\/www.linkedin.com\/company\/museumtv"]}]}},"status_options":[{"label":"Inactive","value":"inactive"}],"_links":{"self":[{"href":"https:\/\/www.museumtv.art\/en\/wp-json\/wp\/v2\/programs\/214511","targetHints":{"allow":["GET"]}}],"collection":[{"href":"https:\/\/www.museumtv.art\/en\/wp-json\/wp\/v2\/programs"}],"about":[{"href":"https:\/\/www.museumtv.art\/en\/wp-json\/wp\/v2\/types\/program"}],"wp:featuredmedia":[{"embeddable":true,"href":"https:\/\/www.museumtv.art\/en\/wp-json\/wp\/v2\/media\/226707"}],"wp:attachment":[{"href":"https:\/\/www.museumtv.art\/en\/wp-json\/wp\/v2\/media?parent=214511"}],"wp:term":[{"taxonomy":"program_type","embeddable":true,"href":"https:\/\/www.museumtv.art\/en\/wp-json\/wp\/v2\/program_type?post=214511"},{"taxonomy":"group","embeddable":true,"href":"https:\/\/www.museumtv.art\/en\/wp-json\/wp\/v2\/group?post=214511"},{"taxonomy":"d_category","embeddable":true,"href":"https:\/\/www.museumtv.art\/en\/wp-json\/wp\/v2\/d_category?post=214511"},{"taxonomy":"genre","embeddable":true,"href":"https:\/\/www.museumtv.art\/en\/wp-json\/wp\/v2\/genre?post=214511"}],"curies":[{"name":"wp","href":"https:\/\/api.w.org\/{rel}","templated":true}]}}

<!-- This site is optimized with the Yoast SEO plugin v24.0 - https://yoast.com/wordpress/plugins/seo/ -->
<title>Stories From The National Gallery - Museum TV</title>
<meta name="robots" content="index, follow, max-snippet:-1, max-image-preview:large, max-video-preview:-1" />
<link rel="canonical" href="https://www.museumtv.art/en/program/27320-stories-from-the-national-gallery/" />
<meta property="og:locale" content="en_US" />
<meta property="og:type" content="article" />
<meta property="og:title" content="Stories From The National Gallery - Museum TV" />
<meta property="og:description" content="Kate Bryan takes a behind the scenes look at the National Gallery, telling the story of its collection – the most iconic works and the most celebrated artists." />
<meta property="og:url" content="https://www.museumtv.art/en/program/27320-stories-from-the-national-gallery/" />
<meta property="og:site_name" content="Museum TV" />
<meta property="article:publisher" content="https://www.facebook.com/museumtv.art/" />
<meta property="article:modified_time" content="2026-03-06T06:13:05+00:00" />
<meta property="og:image" content="https://www.museumtv.art/wp-content/uploads/2025/07/histoires-de-la-national-gallery-saison-16866b09f4c3e5-1024x683.jpg" />
	<meta property="og:image:width" content="1024" />
	<meta property="og:image:height" content="683" />
	<meta property="og:image:type" content="image/jpeg" />
<meta name="twitter:card" content="summary_large_image" />
<meta name="twitter:label1" content="Est. reading time" />
	<meta name="twitter:data1" content="1 minute" />
<script type="application/ld+json" class="yoast-schema-graph">{"@context":"https://schema.org","@graph":[{"@type":"WebPage","@id":"https://www.museumtv.art/en/program/27320-stories-from-the-national-gallery/","url":"https://www.museumtv.art/en/program/27320-stories-from-the-national-gallery/","name":"Stories From The National Gallery - Museum TV","isPartOf":{"@id":"https://www.museumtv.art/#website"},"primaryImageOfPage":{"@id":"https://www.museumtv.art/en/program/27320-stories-from-the-national-gallery/#primaryimage"},"image":{"@id":"https://www.museumtv.art/en/program/27320-stories-from-the-national-gallery/#primaryimage"},"thumbnailUrl":"https://www.museumtv.art/wp-content/uploads/2025/07/histoires-de-la-national-gallery-saison-16866b09f4c3e5.jpg","datePublished":"2025-10-14T19:20:30+00:00","dateModified":"2026-03-06T06:13:05+00:00","breadcrumb":{"@id":"https://www.museumtv.art/en/program/27320-stories-from-the-national-gallery/#breadcrumb"},"inLanguage":"en-US","potentialAction":[{"@type":"ReadAction","target":["https://www.museumtv.art/en/program/27320-stories-from-the-national-gallery/"]}]},{"@type":"ImageObject","inLanguage":"en-US","@id":"https://www.museumtv.art/en/program/27320-stories-from-the-national-gallery/#primaryimage","url":"https://www.museumtv.art/wp-content/uploads/2025/07/histoires-de-la-national-gallery-saison-16866b09f4c3e5.jpg","contentUrl":"https://www.museumtv.art/wp-content/uploads/2025/07/histoires-de-la-national-gallery-saison-16866b09f4c3e5.jpg","width":7951,"height":5301,"caption":"Kate Bryan nous emmène dans les coulisses de la National Gallery pour raconter l’histoire de sa collection – des œuvres les plus emblématiques aux artistes les plus célébrés."},{"@type":"BreadcrumbList","@id":"https://www.museumtv.art/en/program/27320-stories-from-the-national-gallery/#breadcrumb","itemListElement":[{"@type":"ListItem","position":1,"name":"Accueil","item":"https://www.museumtv.art/en/"},{"@type":"ListItem","position":2,"name":"Programs","item":"https://www.museumtv.art/programs/"},{"@type":"ListItem","position":3,"name":"Stories From The National Gallery"}]},{"@type":"WebSite","@id":"https://www.museumtv.art/#website","url":"https://www.museumtv.art/","name":"Museum TV","description":"The first channel dedicated to art","publisher":{"@id":"https://www.museumtv.art/#organization"},"potentialAction":[{"@type":"SearchAction","target":{"@type":"EntryPoint","urlTemplate":"https://www.museumtv.art/?s={search_term_string}"},"query-input":{"@type":"PropertyValueSpecification","valueRequired":true,"valueName":"search_term_string"}}],"inLanguage":"en-US"},{"@type":"Organization","@id":"https://www.museumtv.art/#organization","name":"Museum TV","url":"https://www.museumtv.art/","logo":{"@type":"ImageObject","inLanguage":"en-US","@id":"https://www.museumtv.art/#/schema/logo/image/","url":"https://www.museumtv.art/wp-content/uploads/2021/10/apple-touch-icon-1.png","contentUrl":"https://www.museumtv.art/wp-content/uploads/2021/10/apple-touch-icon-1.png","width":180,"height":180,"caption":"Museum TV"},"image":{"@id":"https://www.museumtv.art/#/schema/logo/image/"},"sameAs":["https://www.facebook.com/museumtv.art/","https://www.instagram.com/museumtv_art/?hl=fr","https://www.linkedin.com/company/museumtv"]}]}</script>
<!-- / Yoast SEO plugin. -->

Kate Bryan nous emmène dans les coulisses de la National Gallery pour raconter l’histoire de sa collection – des œuvres les plus emblématiques aux artistes les plus célébrés.
