{"id":149590,"date":"2024-09-16T11:03:30","date_gmt":"2024-09-16T11:03:30","guid":{"rendered":"https:\/\/www.museumtv.art\/?post_type=program&#038;p=149590"},"modified":"2026-02-06T05:55:00","modified_gmt":"2026-02-06T05:55:00","slug":"21996-pierrefonds-the-architects-castle-s00-e66","status":"publish","type":"program","link":"https:\/\/www.museumtv.art\/en\/program\/21996-pierrefonds-the-architects-castle-s00-e66\/","title":{"rendered":"Pierrefonds, the architect&#8217;s castle"},"content":{"rendered":"<p>Located near Compi\u00e8gne, Ch\u00e2teau de Pierrefonds was one of Jean de Berry&#8217;s most powerful ch\u00e2teaux, dismantled and gutted by order of Richelieu in the 17th century, and one of the most beautiful medieval ruins to inspire so much romantic nostalgia in the 19th century. A ruin bought by Napoleon III, who wished to transform it into an imperial residence&#8230;<\/p>\n","protected":false},"excerpt":{"rendered":"<p>A surreal medieval castle rebuilt by Viollet Le Duc for Emperor Napoleon III. A reconstruction that, paradoxically, paves the way for modern architecture.<\/p>\n","protected":false},"featured_media":149591,"parent":0,"menu_order":0,"template":"","format":"standard","meta":[],"program_type":[15],"group":[2486,545,548],"d_category":[663],"genre":[2491],"class_list":["post-149590","program","type-program","status-publish","format-standard","has-post-thumbnail","hentry","program_type-episode","group-architecture-et-design","group-decryptage","group-visites","d_category-archi-and-design","genre-documentary"],"yoast_head":"<!-- This site is optimized with the Yoast SEO plugin v24.0 - https:\/\/yoast.com\/wordpress\/plugins\/seo\/ -->\n<title>Pierrefonds, the architect&#039;s castle - Museum TV<\/title>\n<meta name=\"robots\" content=\"index, follow, max-snippet:-1, max-image-preview:large, max-video-preview:-1\" \/>\n<link rel=\"canonical\" href=\"https:\/\/www.museumtv.art\/en\/program\/21996-pierrefonds-the-architects-castle-s00-e66\/\" \/>\n<meta property=\"og:locale\" content=\"en_US\" \/>\n<meta property=\"og:type\" content=\"article\" \/>\n<meta property=\"og:title\" content=\"Pierrefonds, the architect&#039;s castle - Museum TV\" \/>\n<meta property=\"og:description\" content=\"A surreal medieval castle rebuilt by Viollet Le Duc for Emperor Napoleon III. A reconstruction that, paradoxically, paves the way for modern architecture.\" \/>\n<meta property=\"og:url\" content=\"https:\/\/www.museumtv.art\/en\/program\/21996-pierrefonds-the-architects-castle-s00-e66\/\" \/>\n<meta property=\"og:site_name\" content=\"Museum TV\" \/>\n<meta property=\"article:publisher\" content=\"https:\/\/www.facebook.com\/museumtv.art\/\" \/>\n<meta property=\"article:modified_time\" content=\"2026-02-06T05:55:00+00:00\" \/>\n<meta property=\"og:image\" content=\"https:\/\/www.museumtv.art\/wp-content\/uploads\/2024\/09\/architectures-season-1-pierrefonds-the-architects-castle66d599122ca45.jpg\" \/>\n\t<meta property=\"og:image:width\" content=\"690\" \/>\n\t<meta property=\"og:image:height\" content=\"451\" \/>\n\t<meta property=\"og:image:type\" content=\"image\/jpeg\" \/>\n<meta name=\"twitter:card\" content=\"summary_large_image\" \/>\n<script type=\"application\/ld+json\" class=\"yoast-schema-graph\">{\"@context\":\"https:\/\/schema.org\",\"@graph\":[{\"@type\":\"WebPage\",\"@id\":\"https:\/\/www.museumtv.art\/en\/program\/21996-pierrefonds-the-architects-castle-s00-e66\/\",\"url\":\"https:\/\/www.museumtv.art\/en\/program\/21996-pierrefonds-the-architects-castle-s00-e66\/\",\"name\":\"Pierrefonds, the architect's castle - Museum TV\",\"isPartOf\":{\"@id\":\"https:\/\/www.museumtv.art\/#website\"},\"primaryImageOfPage\":{\"@id\":\"https:\/\/www.museumtv.art\/en\/program\/21996-pierrefonds-the-architects-castle-s00-e66\/#primaryimage\"},\"image\":{\"@id\":\"https:\/\/www.museumtv.art\/en\/program\/21996-pierrefonds-the-architects-castle-s00-e66\/#primaryimage\"},\"thumbnailUrl\":\"https:\/\/www.museumtv.art\/wp-content\/uploads\/2024\/09\/architectures-season-1-pierrefonds-the-architects-castle66d599122ca45.jpg\",\"datePublished\":\"2024-09-16T11:03:30+00:00\",\"dateModified\":\"2026-02-06T05:55:00+00:00\",\"breadcrumb\":{\"@id\":\"https:\/\/www.museumtv.art\/en\/program\/21996-pierrefonds-the-architects-castle-s00-e66\/#breadcrumb\"},\"inLanguage\":\"en-US\",\"potentialAction\":[{\"@type\":\"ReadAction\",\"target\":[\"https:\/\/www.museumtv.art\/en\/program\/21996-pierrefonds-the-architects-castle-s00-e66\/\"]}]},{\"@type\":\"ImageObject\",\"inLanguage\":\"en-US\",\"@id\":\"https:\/\/www.museumtv.art\/en\/program\/21996-pierrefonds-the-architects-castle-s00-e66\/#primaryimage\",\"url\":\"https:\/\/www.museumtv.art\/wp-content\/uploads\/2024\/09\/architectures-season-1-pierrefonds-the-architects-castle66d599122ca45.jpg\",\"contentUrl\":\"https:\/\/www.museumtv.art\/wp-content\/uploads\/2024\/09\/architectures-season-1-pierrefonds-the-architects-castle66d599122ca45.jpg\",\"width\":690,\"height\":451,\"caption\":\"A building, a great architect, scale models: a captivating journey into architecture.\"},{\"@type\":\"BreadcrumbList\",\"@id\":\"https:\/\/www.museumtv.art\/en\/program\/21996-pierrefonds-the-architects-castle-s00-e66\/#breadcrumb\",\"itemListElement\":[{\"@type\":\"ListItem\",\"position\":1,\"name\":\"Accueil\",\"item\":\"https:\/\/www.museumtv.art\/en\/\"},{\"@type\":\"ListItem\",\"position\":2,\"name\":\"Programs\",\"item\":\"https:\/\/www.museumtv.art\/programs\/\"},{\"@type\":\"ListItem\",\"position\":3,\"name\":\"Pierrefonds, the architect&rsquo;s castle\"}]},{\"@type\":\"WebSite\",\"@id\":\"https:\/\/www.museumtv.art\/#website\",\"url\":\"https:\/\/www.museumtv.art\/\",\"name\":\"Museum TV\",\"description\":\"The first channel dedicated to art\",\"publisher\":{\"@id\":\"https:\/\/www.museumtv.art\/#organization\"},\"potentialAction\":[{\"@type\":\"SearchAction\",\"target\":{\"@type\":\"EntryPoint\",\"urlTemplate\":\"https:\/\/www.museumtv.art\/?s={search_term_string}\"},\"query-input\":{\"@type\":\"PropertyValueSpecification\",\"valueRequired\":true,\"valueName\":\"search_term_string\"}}],\"inLanguage\":\"en-US\"},{\"@type\":\"Organization\",\"@id\":\"https:\/\/www.museumtv.art\/#organization\",\"name\":\"Museum TV\",\"url\":\"https:\/\/www.museumtv.art\/\",\"logo\":{\"@type\":\"ImageObject\",\"inLanguage\":\"en-US\",\"@id\":\"https:\/\/www.museumtv.art\/#\/schema\/logo\/image\/\",\"url\":\"https:\/\/www.museumtv.art\/wp-content\/uploads\/2021\/10\/apple-touch-icon-1.png\",\"contentUrl\":\"https:\/\/www.museumtv.art\/wp-content\/uploads\/2021\/10\/apple-touch-icon-1.png\",\"width\":180,\"height\":180,\"caption\":\"Museum TV\"},\"image\":{\"@id\":\"https:\/\/www.museumtv.art\/#\/schema\/logo\/image\/\"},\"sameAs\":[\"https:\/\/www.facebook.com\/museumtv.art\/\",\"https:\/\/www.instagram.com\/museumtv_art\/?hl=fr\",\"https:\/\/www.linkedin.com\/company\/museumtv\"]}]}<\/script>\n<!-- \/ Yoast SEO plugin. -->","yoast_head_json":{"title":"Pierrefonds, the architect's castle - Museum TV","robots":{"index":"index","follow":"follow","max-snippet":"max-snippet:-1","max-image-preview":"max-image-preview:large","max-video-preview":"max-video-preview:-1"},"canonical":"https:\/\/www.museumtv.art\/en\/program\/21996-pierrefonds-the-architects-castle-s00-e66\/","og_locale":"en_US","og_type":"article","og_title":"Pierrefonds, the architect's castle - Museum TV","og_description":"A surreal medieval castle rebuilt by Viollet Le Duc for Emperor Napoleon III. A reconstruction that, paradoxically, paves the way for modern architecture.","og_url":"https:\/\/www.museumtv.art\/en\/program\/21996-pierrefonds-the-architects-castle-s00-e66\/","og_site_name":"Museum TV","article_publisher":"https:\/\/www.facebook.com\/museumtv.art\/","article_modified_time":"2026-02-06T05:55:00+00:00","og_image":[{"width":690,"height":451,"url":"https:\/\/www.museumtv.art\/wp-content\/uploads\/2024\/09\/architectures-season-1-pierrefonds-the-architects-castle66d599122ca45.jpg","type":"image\/jpeg"}],"twitter_card":"summary_large_image","schema":{"@context":"https:\/\/schema.org","@graph":[{"@type":"WebPage","@id":"https:\/\/www.museumtv.art\/en\/program\/21996-pierrefonds-the-architects-castle-s00-e66\/","url":"https:\/\/www.museumtv.art\/en\/program\/21996-pierrefonds-the-architects-castle-s00-e66\/","name":"Pierrefonds, the architect's castle - Museum TV","isPartOf":{"@id":"https:\/\/www.museumtv.art\/#website"},"primaryImageOfPage":{"@id":"https:\/\/www.museumtv.art\/en\/program\/21996-pierrefonds-the-architects-castle-s00-e66\/#primaryimage"},"image":{"@id":"https:\/\/www.museumtv.art\/en\/program\/21996-pierrefonds-the-architects-castle-s00-e66\/#primaryimage"},"thumbnailUrl":"https:\/\/www.museumtv.art\/wp-content\/uploads\/2024\/09\/architectures-season-1-pierrefonds-the-architects-castle66d599122ca45.jpg","datePublished":"2024-09-16T11:03:30+00:00","dateModified":"2026-02-06T05:55:00+00:00","breadcrumb":{"@id":"https:\/\/www.museumtv.art\/en\/program\/21996-pierrefonds-the-architects-castle-s00-e66\/#breadcrumb"},"inLanguage":"en-US","potentialAction":[{"@type":"ReadAction","target":["https:\/\/www.museumtv.art\/en\/program\/21996-pierrefonds-the-architects-castle-s00-e66\/"]}]},{"@type":"ImageObject","inLanguage":"en-US","@id":"https:\/\/www.museumtv.art\/en\/program\/21996-pierrefonds-the-architects-castle-s00-e66\/#primaryimage","url":"https:\/\/www.museumtv.art\/wp-content\/uploads\/2024\/09\/architectures-season-1-pierrefonds-the-architects-castle66d599122ca45.jpg","contentUrl":"https:\/\/www.museumtv.art\/wp-content\/uploads\/2024\/09\/architectures-season-1-pierrefonds-the-architects-castle66d599122ca45.jpg","width":690,"height":451,"caption":"A building, a great architect, scale models: a captivating journey into architecture."},{"@type":"BreadcrumbList","@id":"https:\/\/www.museumtv.art\/en\/program\/21996-pierrefonds-the-architects-castle-s00-e66\/#breadcrumb","itemListElement":[{"@type":"ListItem","position":1,"name":"Accueil","item":"https:\/\/www.museumtv.art\/en\/"},{"@type":"ListItem","position":2,"name":"Programs","item":"https:\/\/www.museumtv.art\/programs\/"},{"@type":"ListItem","position":3,"name":"Pierrefonds, the architect&rsquo;s castle"}]},{"@type":"WebSite","@id":"https:\/\/www.museumtv.art\/#website","url":"https:\/\/www.museumtv.art\/","name":"Museum TV","description":"The first channel dedicated to art","publisher":{"@id":"https:\/\/www.museumtv.art\/#organization"},"potentialAction":[{"@type":"SearchAction","target":{"@type":"EntryPoint","urlTemplate":"https:\/\/www.museumtv.art\/?s={search_term_string}"},"query-input":{"@type":"PropertyValueSpecification","valueRequired":true,"valueName":"search_term_string"}}],"inLanguage":"en-US"},{"@type":"Organization","@id":"https:\/\/www.museumtv.art\/#organization","name":"Museum TV","url":"https:\/\/www.museumtv.art\/","logo":{"@type":"ImageObject","inLanguage":"en-US","@id":"https:\/\/www.museumtv.art\/#\/schema\/logo\/image\/","url":"https:\/\/www.museumtv.art\/wp-content\/uploads\/2021\/10\/apple-touch-icon-1.png","contentUrl":"https:\/\/www.museumtv.art\/wp-content\/uploads\/2021\/10\/apple-touch-icon-1.png","width":180,"height":180,"caption":"Museum TV"},"image":{"@id":"https:\/\/www.museumtv.art\/#\/schema\/logo\/image\/"},"sameAs":["https:\/\/www.facebook.com\/museumtv.art\/","https:\/\/www.instagram.com\/museumtv_art\/?hl=fr","https:\/\/www.linkedin.com\/company\/museumtv"]}]}},"status_options":[{"label":"Inactive","value":"inactive"}],"_links":{"self":[{"href":"https:\/\/www.museumtv.art\/en\/wp-json\/wp\/v2\/programs\/149590","targetHints":{"allow":["GET"]}}],"collection":[{"href":"https:\/\/www.museumtv.art\/en\/wp-json\/wp\/v2\/programs"}],"about":[{"href":"https:\/\/www.museumtv.art\/en\/wp-json\/wp\/v2\/types\/program"}],"wp:featuredmedia":[{"embeddable":true,"href":"https:\/\/www.museumtv.art\/en\/wp-json\/wp\/v2\/media\/149591"}],"wp:attachment":[{"href":"https:\/\/www.museumtv.art\/en\/wp-json\/wp\/v2\/media?parent=149590"}],"wp:term":[{"taxonomy":"program_type","embeddable":true,"href":"https:\/\/www.museumtv.art\/en\/wp-json\/wp\/v2\/program_type?post=149590"},{"taxonomy":"group","embeddable":true,"href":"https:\/\/www.museumtv.art\/en\/wp-json\/wp\/v2\/group?post=149590"},{"taxonomy":"d_category","embeddable":true,"href":"https:\/\/www.museumtv.art\/en\/wp-json\/wp\/v2\/d_category?post=149590"},{"taxonomy":"genre","embeddable":true,"href":"https:\/\/www.museumtv.art\/en\/wp-json\/wp\/v2\/genre?post=149590"}],"curies":[{"name":"wp","href":"https:\/\/api.w.org\/{rel}","templated":true}]}}

<p>Located near Compiègne, Château de Pierrefonds was one of Jean de Berry&#8217;s most powerful châteaux, dismantled and gutted by order of Richelieu in the 17th century, and one of the most beautiful medieval ruins to inspire so much romantic nostalgia in the 19th century. A ruin bought by Napoleon III, who wished to transform it into an imperial residence&#8230;</p>
