{"id":149456,"date":"2024-09-02T10:52:04","date_gmt":"2024-09-02T10:52:04","guid":{"rendered":"https:\/\/www.museumtv.art\/program\/26872-episode-3-s00-e03\/"},"modified":"2026-01-14T05:54:04","modified_gmt":"2026-01-14T05:54:04","slug":"26872-episode-3-s00-e03","status":"publish","type":"program","link":"https:\/\/www.museumtv.art\/en\/program\/26872-episode-3-s00-e03\/","title":{"rendered":"Episode 3"},"content":{"rendered":"<p>From November 25, 2023 to May 26, 2024, the Mus\u00e9e de Bormes-les-Mimosas will be hosting an exhibition on the Furniture of the Presidency at the Fort de Br\u00e9gan\u00e7on, where all the Presidents of the Republic traditionally spend their summer vacations. You&#8217;ll also find their permanent exhibition on the history of the commune since 50 BC, where an interactive tablet will enable you to visualize the changes the town has undergone over the centuries.<\/p>\n","protected":false},"excerpt":{"rendered":"<p>From November 25, 2023 to May 26, 2024, the Mus\u00e9e de Bormes-les-Mimosas will be hosting an exhibition on the Furniture of the Presidency at the Fort de Br\u00e9gan\u00e7on.<\/p>\n","protected":false},"featured_media":149457,"parent":0,"menu_order":0,"template":"","format":"standard","meta":[],"program_type":[15],"group":[544,545,548,549],"d_category":[661,660],"genre":[2498],"class_list":["post-149456","program","type-program","status-publish","format-standard","has-post-thumbnail","hentry","program_type-episode","group-decoding-art","group-decryptage","group-visites","group-visits","d_category-actualites","d_category-news","genre-news"],"yoast_head":"<!-- This site is optimized with the Yoast SEO plugin v24.0 - https:\/\/yoast.com\/wordpress\/plugins\/seo\/ -->\n<title>Episode 3 - Museum TV<\/title>\n<meta name=\"robots\" content=\"index, follow, max-snippet:-1, max-image-preview:large, max-video-preview:-1\" \/>\n<link rel=\"canonical\" href=\"https:\/\/www.museumtv.art\/en\/program\/26872-episode-3-s00-e03\/\" \/>\n<meta property=\"og:locale\" content=\"en_US\" \/>\n<meta property=\"og:type\" content=\"article\" \/>\n<meta property=\"og:title\" content=\"Episode 3 - Museum TV\" \/>\n<meta property=\"og:description\" content=\"From November 25, 2023 to May 26, 2024, the Mus\u00e9e de Bormes-les-Mimosas will be hosting an exhibition on the Furniture of the Presidency at the Fort de Br\u00e9gan\u00e7on.\" \/>\n<meta property=\"og:url\" content=\"https:\/\/www.museumtv.art\/en\/program\/26872-episode-3-s00-e03\/\" \/>\n<meta property=\"og:site_name\" content=\"Museum TV\" \/>\n<meta property=\"article:publisher\" content=\"https:\/\/www.facebook.com\/museumtv.art\/\" \/>\n<meta property=\"article:modified_time\" content=\"2026-01-14T05:54:04+00:00\" \/>\n<meta property=\"og:image\" content=\"https:\/\/www.museumtv.art\/wp-content\/uploads\/2024\/09\/art-news-season-8-episode-366d598d41eaa3-1024x576.png\" \/>\n\t<meta property=\"og:image:width\" content=\"1024\" \/>\n\t<meta property=\"og:image:height\" content=\"576\" \/>\n\t<meta property=\"og:image:type\" content=\"image\/png\" \/>\n<meta name=\"twitter:card\" content=\"summary_large_image\" \/>\n<script type=\"application\/ld+json\" class=\"yoast-schema-graph\">{\"@context\":\"https:\/\/schema.org\",\"@graph\":[{\"@type\":\"WebPage\",\"@id\":\"https:\/\/www.museumtv.art\/en\/program\/26872-episode-3-s00-e03\/\",\"url\":\"https:\/\/www.museumtv.art\/en\/program\/26872-episode-3-s00-e03\/\",\"name\":\"Episode 3 - Museum TV\",\"isPartOf\":{\"@id\":\"https:\/\/www.museumtv.art\/#website\"},\"primaryImageOfPage\":{\"@id\":\"https:\/\/www.museumtv.art\/en\/program\/26872-episode-3-s00-e03\/#primaryimage\"},\"image\":{\"@id\":\"https:\/\/www.museumtv.art\/en\/program\/26872-episode-3-s00-e03\/#primaryimage\"},\"thumbnailUrl\":\"https:\/\/www.museumtv.art\/wp-content\/uploads\/2024\/09\/art-news-season-8-episode-366d598d41eaa3.png\",\"datePublished\":\"2024-09-02T10:52:04+00:00\",\"dateModified\":\"2026-01-14T05:54:04+00:00\",\"breadcrumb\":{\"@id\":\"https:\/\/www.museumtv.art\/en\/program\/26872-episode-3-s00-e03\/#breadcrumb\"},\"inLanguage\":\"en-US\",\"potentialAction\":[{\"@type\":\"ReadAction\",\"target\":[\"https:\/\/www.museumtv.art\/en\/program\/26872-episode-3-s00-e03\/\"]}]},{\"@type\":\"ImageObject\",\"inLanguage\":\"en-US\",\"@id\":\"https:\/\/www.museumtv.art\/en\/program\/26872-episode-3-s00-e03\/#primaryimage\",\"url\":\"https:\/\/www.museumtv.art\/wp-content\/uploads\/2024\/09\/art-news-season-8-episode-366d598d41eaa3.png\",\"contentUrl\":\"https:\/\/www.museumtv.art\/wp-content\/uploads\/2024\/09\/art-news-season-8-episode-366d598d41eaa3.png\",\"width\":3840,\"height\":2160,\"caption\":\"From November 25, 2023 to May 26, 2024, the Mus\u00e9e de Bormes-les-Mimosas will be hosting an exhibition on the Furniture of the Presidency at the Fort de Br\u00e9gan\u00e7on.\"},{\"@type\":\"BreadcrumbList\",\"@id\":\"https:\/\/www.museumtv.art\/en\/program\/26872-episode-3-s00-e03\/#breadcrumb\",\"itemListElement\":[{\"@type\":\"ListItem\",\"position\":1,\"name\":\"Accueil\",\"item\":\"https:\/\/www.museumtv.art\/en\/\"},{\"@type\":\"ListItem\",\"position\":2,\"name\":\"Programs\",\"item\":\"https:\/\/www.museumtv.art\/programs\/\"},{\"@type\":\"ListItem\",\"position\":3,\"name\":\"Episode 3\"}]},{\"@type\":\"WebSite\",\"@id\":\"https:\/\/www.museumtv.art\/#website\",\"url\":\"https:\/\/www.museumtv.art\/\",\"name\":\"Museum TV\",\"description\":\"The first channel dedicated to art\",\"publisher\":{\"@id\":\"https:\/\/www.museumtv.art\/#organization\"},\"potentialAction\":[{\"@type\":\"SearchAction\",\"target\":{\"@type\":\"EntryPoint\",\"urlTemplate\":\"https:\/\/www.museumtv.art\/?s={search_term_string}\"},\"query-input\":{\"@type\":\"PropertyValueSpecification\",\"valueRequired\":true,\"valueName\":\"search_term_string\"}}],\"inLanguage\":\"en-US\"},{\"@type\":\"Organization\",\"@id\":\"https:\/\/www.museumtv.art\/#organization\",\"name\":\"Museum TV\",\"url\":\"https:\/\/www.museumtv.art\/\",\"logo\":{\"@type\":\"ImageObject\",\"inLanguage\":\"en-US\",\"@id\":\"https:\/\/www.museumtv.art\/#\/schema\/logo\/image\/\",\"url\":\"https:\/\/www.museumtv.art\/wp-content\/uploads\/2021\/10\/apple-touch-icon-1.png\",\"contentUrl\":\"https:\/\/www.museumtv.art\/wp-content\/uploads\/2021\/10\/apple-touch-icon-1.png\",\"width\":180,\"height\":180,\"caption\":\"Museum TV\"},\"image\":{\"@id\":\"https:\/\/www.museumtv.art\/#\/schema\/logo\/image\/\"},\"sameAs\":[\"https:\/\/www.facebook.com\/museumtv.art\/\",\"https:\/\/www.instagram.com\/museumtv_art\/?hl=fr\",\"https:\/\/www.linkedin.com\/company\/museumtv\"]}]}<\/script>\n<!-- \/ Yoast SEO plugin. -->","yoast_head_json":{"title":"Episode 3 - Museum TV","robots":{"index":"index","follow":"follow","max-snippet":"max-snippet:-1","max-image-preview":"max-image-preview:large","max-video-preview":"max-video-preview:-1"},"canonical":"https:\/\/www.museumtv.art\/en\/program\/26872-episode-3-s00-e03\/","og_locale":"en_US","og_type":"article","og_title":"Episode 3 - Museum TV","og_description":"From November 25, 2023 to May 26, 2024, the Mus\u00e9e de Bormes-les-Mimosas will be hosting an exhibition on the Furniture of the Presidency at the Fort de Br\u00e9gan\u00e7on.","og_url":"https:\/\/www.museumtv.art\/en\/program\/26872-episode-3-s00-e03\/","og_site_name":"Museum TV","article_publisher":"https:\/\/www.facebook.com\/museumtv.art\/","article_modified_time":"2026-01-14T05:54:04+00:00","og_image":[{"width":1024,"height":576,"url":"https:\/\/www.museumtv.art\/wp-content\/uploads\/2024\/09\/art-news-season-8-episode-366d598d41eaa3-1024x576.png","type":"image\/png"}],"twitter_card":"summary_large_image","schema":{"@context":"https:\/\/schema.org","@graph":[{"@type":"WebPage","@id":"https:\/\/www.museumtv.art\/en\/program\/26872-episode-3-s00-e03\/","url":"https:\/\/www.museumtv.art\/en\/program\/26872-episode-3-s00-e03\/","name":"Episode 3 - Museum TV","isPartOf":{"@id":"https:\/\/www.museumtv.art\/#website"},"primaryImageOfPage":{"@id":"https:\/\/www.museumtv.art\/en\/program\/26872-episode-3-s00-e03\/#primaryimage"},"image":{"@id":"https:\/\/www.museumtv.art\/en\/program\/26872-episode-3-s00-e03\/#primaryimage"},"thumbnailUrl":"https:\/\/www.museumtv.art\/wp-content\/uploads\/2024\/09\/art-news-season-8-episode-366d598d41eaa3.png","datePublished":"2024-09-02T10:52:04+00:00","dateModified":"2026-01-14T05:54:04+00:00","breadcrumb":{"@id":"https:\/\/www.museumtv.art\/en\/program\/26872-episode-3-s00-e03\/#breadcrumb"},"inLanguage":"en-US","potentialAction":[{"@type":"ReadAction","target":["https:\/\/www.museumtv.art\/en\/program\/26872-episode-3-s00-e03\/"]}]},{"@type":"ImageObject","inLanguage":"en-US","@id":"https:\/\/www.museumtv.art\/en\/program\/26872-episode-3-s00-e03\/#primaryimage","url":"https:\/\/www.museumtv.art\/wp-content\/uploads\/2024\/09\/art-news-season-8-episode-366d598d41eaa3.png","contentUrl":"https:\/\/www.museumtv.art\/wp-content\/uploads\/2024\/09\/art-news-season-8-episode-366d598d41eaa3.png","width":3840,"height":2160,"caption":"From November 25, 2023 to May 26, 2024, the Mus\u00e9e de Bormes-les-Mimosas will be hosting an exhibition on the Furniture of the Presidency at the Fort de Br\u00e9gan\u00e7on."},{"@type":"BreadcrumbList","@id":"https:\/\/www.museumtv.art\/en\/program\/26872-episode-3-s00-e03\/#breadcrumb","itemListElement":[{"@type":"ListItem","position":1,"name":"Accueil","item":"https:\/\/www.museumtv.art\/en\/"},{"@type":"ListItem","position":2,"name":"Programs","item":"https:\/\/www.museumtv.art\/programs\/"},{"@type":"ListItem","position":3,"name":"Episode 3"}]},{"@type":"WebSite","@id":"https:\/\/www.museumtv.art\/#website","url":"https:\/\/www.museumtv.art\/","name":"Museum TV","description":"The first channel dedicated to art","publisher":{"@id":"https:\/\/www.museumtv.art\/#organization"},"potentialAction":[{"@type":"SearchAction","target":{"@type":"EntryPoint","urlTemplate":"https:\/\/www.museumtv.art\/?s={search_term_string}"},"query-input":{"@type":"PropertyValueSpecification","valueRequired":true,"valueName":"search_term_string"}}],"inLanguage":"en-US"},{"@type":"Organization","@id":"https:\/\/www.museumtv.art\/#organization","name":"Museum TV","url":"https:\/\/www.museumtv.art\/","logo":{"@type":"ImageObject","inLanguage":"en-US","@id":"https:\/\/www.museumtv.art\/#\/schema\/logo\/image\/","url":"https:\/\/www.museumtv.art\/wp-content\/uploads\/2021\/10\/apple-touch-icon-1.png","contentUrl":"https:\/\/www.museumtv.art\/wp-content\/uploads\/2021\/10\/apple-touch-icon-1.png","width":180,"height":180,"caption":"Museum TV"},"image":{"@id":"https:\/\/www.museumtv.art\/#\/schema\/logo\/image\/"},"sameAs":["https:\/\/www.facebook.com\/museumtv.art\/","https:\/\/www.instagram.com\/museumtv_art\/?hl=fr","https:\/\/www.linkedin.com\/company\/museumtv"]}]}},"status_options":[{"label":"Inactive","value":"inactive"}],"_links":{"self":[{"href":"https:\/\/www.museumtv.art\/en\/wp-json\/wp\/v2\/programs\/149456","targetHints":{"allow":["GET"]}}],"collection":[{"href":"https:\/\/www.museumtv.art\/en\/wp-json\/wp\/v2\/programs"}],"about":[{"href":"https:\/\/www.museumtv.art\/en\/wp-json\/wp\/v2\/types\/program"}],"wp:featuredmedia":[{"embeddable":true,"href":"https:\/\/www.museumtv.art\/en\/wp-json\/wp\/v2\/media\/149457"}],"wp:attachment":[{"href":"https:\/\/www.museumtv.art\/en\/wp-json\/wp\/v2\/media?parent=149456"}],"wp:term":[{"taxonomy":"program_type","embeddable":true,"href":"https:\/\/www.museumtv.art\/en\/wp-json\/wp\/v2\/program_type?post=149456"},{"taxonomy":"group","embeddable":true,"href":"https:\/\/www.museumtv.art\/en\/wp-json\/wp\/v2\/group?post=149456"},{"taxonomy":"d_category","embeddable":true,"href":"https:\/\/www.museumtv.art\/en\/wp-json\/wp\/v2\/d_category?post=149456"},{"taxonomy":"genre","embeddable":true,"href":"https:\/\/www.museumtv.art\/en\/wp-json\/wp\/v2\/genre?post=149456"}],"curies":[{"name":"wp","href":"https:\/\/api.w.org\/{rel}","templated":true}]}}

<p>From November 25, 2023 to May 26, 2024, the Musée de Bormes-les-Mimosas will be hosting an exhibition on the Furniture of the Presidency at the Fort de Brégançon, where all the Presidents of the Republic traditionally spend their summer vacations. You&#8217;ll also find their permanent exhibition on the history of the commune since 50 BC, where an interactive tablet will enable you to visualize the changes the town has undergone over the centuries.</p>

<p>From November 25, 2023 to May 26, 2024, the Musée de Bormes-les-Mimosas will be hosting an exhibition on the Furniture of the Presidency at the Fort de Brégançon.</p>

<!-- This site is optimized with the Yoast SEO plugin v24.0 - https://yoast.com/wordpress/plugins/seo/ -->
<title>Episode 3 - Museum TV</title>
<meta name="robots" content="index, follow, max-snippet:-1, max-image-preview:large, max-video-preview:-1" />
<link rel="canonical" href="https://www.museumtv.art/en/program/26872-episode-3-s00-e03/" />
<meta property="og:locale" content="en_US" />
<meta property="og:type" content="article" />
<meta property="og:title" content="Episode 3 - Museum TV" />
<meta property="og:description" content="From November 25, 2023 to May 26, 2024, the Musée de Bormes-les-Mimosas will be hosting an exhibition on the Furniture of the Presidency at the Fort de Brégançon." />
<meta property="og:url" content="https://www.museumtv.art/en/program/26872-episode-3-s00-e03/" />
<meta property="og:site_name" content="Museum TV" />
<meta property="article:publisher" content="https://www.facebook.com/museumtv.art/" />
<meta property="article:modified_time" content="2026-01-14T05:54:04+00:00" />
<meta property="og:image" content="https://www.museumtv.art/wp-content/uploads/2024/09/art-news-season-8-episode-366d598d41eaa3-1024x576.png" />
	<meta property="og:image:width" content="1024" />
	<meta property="og:image:height" content="576" />
	<meta property="og:image:type" content="image/png" />
<meta name="twitter:card" content="summary_large_image" />
<script type="application/ld+json" class="yoast-schema-graph">{"@context":"https://schema.org","@graph":[{"@type":"WebPage","@id":"https://www.museumtv.art/en/program/26872-episode-3-s00-e03/","url":"https://www.museumtv.art/en/program/26872-episode-3-s00-e03/","name":"Episode 3 - Museum TV","isPartOf":{"@id":"https://www.museumtv.art/#website"},"primaryImageOfPage":{"@id":"https://www.museumtv.art/en/program/26872-episode-3-s00-e03/#primaryimage"},"image":{"@id":"https://www.museumtv.art/en/program/26872-episode-3-s00-e03/#primaryimage"},"thumbnailUrl":"https://www.museumtv.art/wp-content/uploads/2024/09/art-news-season-8-episode-366d598d41eaa3.png","datePublished":"2024-09-02T10:52:04+00:00","dateModified":"2026-01-14T05:54:04+00:00","breadcrumb":{"@id":"https://www.museumtv.art/en/program/26872-episode-3-s00-e03/#breadcrumb"},"inLanguage":"en-US","potentialAction":[{"@type":"ReadAction","target":["https://www.museumtv.art/en/program/26872-episode-3-s00-e03/"]}]},{"@type":"ImageObject","inLanguage":"en-US","@id":"https://www.museumtv.art/en/program/26872-episode-3-s00-e03/#primaryimage","url":"https://www.museumtv.art/wp-content/uploads/2024/09/art-news-season-8-episode-366d598d41eaa3.png","contentUrl":"https://www.museumtv.art/wp-content/uploads/2024/09/art-news-season-8-episode-366d598d41eaa3.png","width":3840,"height":2160,"caption":"From November 25, 2023 to May 26, 2024, the Musée de Bormes-les-Mimosas will be hosting an exhibition on the Furniture of the Presidency at the Fort de Brégançon."},{"@type":"BreadcrumbList","@id":"https://www.museumtv.art/en/program/26872-episode-3-s00-e03/#breadcrumb","itemListElement":[{"@type":"ListItem","position":1,"name":"Accueil","item":"https://www.museumtv.art/en/"},{"@type":"ListItem","position":2,"name":"Programs","item":"https://www.museumtv.art/programs/"},{"@type":"ListItem","position":3,"name":"Episode 3"}]},{"@type":"WebSite","@id":"https://www.museumtv.art/#website","url":"https://www.museumtv.art/","name":"Museum TV","description":"The first channel dedicated to art","publisher":{"@id":"https://www.museumtv.art/#organization"},"potentialAction":[{"@type":"SearchAction","target":{"@type":"EntryPoint","urlTemplate":"https://www.museumtv.art/?s={search_term_string}"},"query-input":{"@type":"PropertyValueSpecification","valueRequired":true,"valueName":"search_term_string"}}],"inLanguage":"en-US"},{"@type":"Organization","@id":"https://www.museumtv.art/#organization","name":"Museum TV","url":"https://www.museumtv.art/","logo":{"@type":"ImageObject","inLanguage":"en-US","@id":"https://www.museumtv.art/#/schema/logo/image/","url":"https://www.museumtv.art/wp-content/uploads/2021/10/apple-touch-icon-1.png","contentUrl":"https://www.museumtv.art/wp-content/uploads/2021/10/apple-touch-icon-1.png","width":180,"height":180,"caption":"Museum TV"},"image":{"@id":"https://www.museumtv.art/#/schema/logo/image/"},"sameAs":["https://www.facebook.com/museumtv.art/","https://www.instagram.com/museumtv_art/?hl=fr","https://www.linkedin.com/company/museumtv"]}]}</script>
<!-- / Yoast SEO plugin. -->

From November 25, 2023 to May 26, 2024, the Musée de Bormes-les-Mimosas will be hosting an exhibition on the Furniture of the Presidency at the Fort de Brégançon.
