{"id":120526,"date":"2022-09-07T12:11:32","date_gmt":"2022-09-07T12:11:32","guid":{"rendered":"https:\/\/dev.museumtv.art\/?post_type=program&#038;p=120526"},"modified":"2025-12-29T06:08:18","modified_gmt":"2025-12-29T06:08:18","slug":"22630-etienne-robial-profession-graphiste-s00-e196","status":"publish","type":"program","link":"https:\/\/www.museumtv.art\/en\/program\/22630-etienne-robial-profession-graphiste-s00-e196\/","title":{"rendered":"Etienne Robial, profession : graphiste"},"content":{"rendered":"<p>Vous ne connaissez peut-\u00eatre pas nom, mais vous n\u2019avez pas pu passer \u00e0 c\u00f4t\u00e9 de son style. Issu de la contre-culture, un poil rebelle, Etienne Robial a fa\u00e7onn\u00e9 l\u2019identit\u00e9 visuelle d\u2019une g\u00e9n\u00e9ration. Le logo des Inrock, c\u2019est lui, l\u2019habillage de Canal +, aussi. Rencontre avec le plus connu des graphistes fran\u00e7ais.<\/p>\n<p>Art News est une \u00e9mission d\u2019actualit\u00e9 autour du monde de l\u2019art pr\u00e9sent\u00e9e par Alice Blanquin et diffus\u00e9e chaque semaine sur Museum TV.<\/p>\n","protected":false},"excerpt":{"rendered":"<p>Issu de la contre-culture, un poil rebelle, Etienne Robial a fa\u00e7onn\u00e9 l\u2019identit\u00e9 visuelle d\u2019une g\u00e9n\u00e9ration. Le logo des Inrock, c\u2019est lui, l\u2019habillage de Canal +, aussi. Rencontre avec le plus connu des graphistes fran\u00e7ais.<\/p>\n","protected":false},"featured_media":120525,"parent":0,"menu_order":0,"template":"","format":"standard","meta":[],"program_type":[15],"group":[544],"d_category":[660],"genre":[2492],"class_list":["post-120526","program","type-program","status-publish","format-standard","has-post-thumbnail","hentry","program_type-episode","group-decoding-art","d_category-news","genre-entertainement"],"yoast_head":"<!-- This site is optimized with the Yoast SEO plugin v24.0 - https:\/\/yoast.com\/wordpress\/plugins\/seo\/ -->\n<title>Etienne Robial, profession : graphiste - Museum TV<\/title>\n<meta name=\"robots\" content=\"index, follow, max-snippet:-1, max-image-preview:large, max-video-preview:-1\" \/>\n<link rel=\"canonical\" href=\"https:\/\/www.museumtv.art\/en\/program\/22630-etienne-robial-profession-graphiste-s00-e196\/\" \/>\n<meta property=\"og:locale\" content=\"en_US\" \/>\n<meta property=\"og:type\" content=\"article\" \/>\n<meta property=\"og:title\" content=\"Etienne Robial, profession : graphiste - Museum TV\" \/>\n<meta property=\"og:description\" content=\"Issu de la contre-culture, un poil rebelle, Etienne Robial a fa\u00e7onn\u00e9 l\u2019identit\u00e9 visuelle d\u2019une g\u00e9n\u00e9ration. Le logo des Inrock, c\u2019est lui, l\u2019habillage de Canal +, aussi. Rencontre avec le plus connu des graphistes fran\u00e7ais.\" \/>\n<meta property=\"og:url\" content=\"https:\/\/www.museumtv.art\/en\/program\/22630-etienne-robial-profession-graphiste-s00-e196\/\" \/>\n<meta property=\"og:site_name\" content=\"Museum TV\" \/>\n<meta property=\"article:publisher\" content=\"https:\/\/www.facebook.com\/museumtv.art\/\" \/>\n<meta property=\"article:modified_time\" content=\"2025-12-29T06:08:18+00:00\" \/>\n<meta property=\"og:image\" content=\"https:\/\/www.museumtv.art\/wp-content\/uploads\/2021\/08\/art-news-s2612625969a225.jpeg\" \/>\n\t<meta property=\"og:image:width\" content=\"1920\" \/>\n\t<meta property=\"og:image:height\" content=\"1080\" \/>\n\t<meta property=\"og:image:type\" content=\"image\/jpeg\" \/>\n<meta name=\"twitter:card\" content=\"summary_large_image\" \/>\n<script type=\"application\/ld+json\" class=\"yoast-schema-graph\">{\"@context\":\"https:\/\/schema.org\",\"@graph\":[{\"@type\":\"WebPage\",\"@id\":\"https:\/\/www.museumtv.art\/en\/program\/22630-etienne-robial-profession-graphiste-s00-e196\/\",\"url\":\"https:\/\/www.museumtv.art\/en\/program\/22630-etienne-robial-profession-graphiste-s00-e196\/\",\"name\":\"Etienne Robial, profession : graphiste - Museum TV\",\"isPartOf\":{\"@id\":\"https:\/\/www.museumtv.art\/#website\"},\"primaryImageOfPage\":{\"@id\":\"https:\/\/www.museumtv.art\/en\/program\/22630-etienne-robial-profession-graphiste-s00-e196\/#primaryimage\"},\"image\":{\"@id\":\"https:\/\/www.museumtv.art\/en\/program\/22630-etienne-robial-profession-graphiste-s00-e196\/#primaryimage\"},\"thumbnailUrl\":\"https:\/\/www.museumtv.art\/wp-content\/uploads\/2021\/08\/art-news-s2612625969a225.jpeg\",\"datePublished\":\"2022-09-07T12:11:32+00:00\",\"dateModified\":\"2025-12-29T06:08:18+00:00\",\"breadcrumb\":{\"@id\":\"https:\/\/www.museumtv.art\/en\/program\/22630-etienne-robial-profession-graphiste-s00-e196\/#breadcrumb\"},\"inLanguage\":\"en-US\",\"potentialAction\":[{\"@type\":\"ReadAction\",\"target\":[\"https:\/\/www.museumtv.art\/en\/program\/22630-etienne-robial-profession-graphiste-s00-e196\/\"]}]},{\"@type\":\"ImageObject\",\"inLanguage\":\"en-US\",\"@id\":\"https:\/\/www.museumtv.art\/en\/program\/22630-etienne-robial-profession-graphiste-s00-e196\/#primaryimage\",\"url\":\"https:\/\/www.museumtv.art\/wp-content\/uploads\/2021\/08\/art-news-s2612625969a225.jpeg\",\"contentUrl\":\"https:\/\/www.museumtv.art\/wp-content\/uploads\/2021\/08\/art-news-s2612625969a225.jpeg\",\"width\":1920,\"height\":1080},{\"@type\":\"BreadcrumbList\",\"@id\":\"https:\/\/www.museumtv.art\/en\/program\/22630-etienne-robial-profession-graphiste-s00-e196\/#breadcrumb\",\"itemListElement\":[{\"@type\":\"ListItem\",\"position\":1,\"name\":\"Accueil\",\"item\":\"https:\/\/www.museumtv.art\/en\/\"},{\"@type\":\"ListItem\",\"position\":2,\"name\":\"Programs\",\"item\":\"https:\/\/www.museumtv.art\/programs\/\"},{\"@type\":\"ListItem\",\"position\":3,\"name\":\"Etienne Robial, profession : graphiste\"}]},{\"@type\":\"WebSite\",\"@id\":\"https:\/\/www.museumtv.art\/#website\",\"url\":\"https:\/\/www.museumtv.art\/\",\"name\":\"Museum TV\",\"description\":\"The first channel dedicated to art\",\"publisher\":{\"@id\":\"https:\/\/www.museumtv.art\/#organization\"},\"potentialAction\":[{\"@type\":\"SearchAction\",\"target\":{\"@type\":\"EntryPoint\",\"urlTemplate\":\"https:\/\/www.museumtv.art\/?s={search_term_string}\"},\"query-input\":{\"@type\":\"PropertyValueSpecification\",\"valueRequired\":true,\"valueName\":\"search_term_string\"}}],\"inLanguage\":\"en-US\"},{\"@type\":\"Organization\",\"@id\":\"https:\/\/www.museumtv.art\/#organization\",\"name\":\"Museum TV\",\"url\":\"https:\/\/www.museumtv.art\/\",\"logo\":{\"@type\":\"ImageObject\",\"inLanguage\":\"en-US\",\"@id\":\"https:\/\/www.museumtv.art\/#\/schema\/logo\/image\/\",\"url\":\"https:\/\/www.museumtv.art\/wp-content\/uploads\/2021\/10\/apple-touch-icon-1.png\",\"contentUrl\":\"https:\/\/www.museumtv.art\/wp-content\/uploads\/2021\/10\/apple-touch-icon-1.png\",\"width\":180,\"height\":180,\"caption\":\"Museum TV\"},\"image\":{\"@id\":\"https:\/\/www.museumtv.art\/#\/schema\/logo\/image\/\"},\"sameAs\":[\"https:\/\/www.facebook.com\/museumtv.art\/\",\"https:\/\/www.instagram.com\/museumtv_art\/?hl=fr\",\"https:\/\/www.linkedin.com\/company\/museumtv\"]}]}<\/script>\n<!-- \/ Yoast SEO plugin. -->","yoast_head_json":{"title":"Etienne Robial, profession : graphiste - Museum TV","robots":{"index":"index","follow":"follow","max-snippet":"max-snippet:-1","max-image-preview":"max-image-preview:large","max-video-preview":"max-video-preview:-1"},"canonical":"https:\/\/www.museumtv.art\/en\/program\/22630-etienne-robial-profession-graphiste-s00-e196\/","og_locale":"en_US","og_type":"article","og_title":"Etienne Robial, profession : graphiste - Museum TV","og_description":"Issu de la contre-culture, un poil rebelle, Etienne Robial a fa\u00e7onn\u00e9 l\u2019identit\u00e9 visuelle d\u2019une g\u00e9n\u00e9ration. Le logo des Inrock, c\u2019est lui, l\u2019habillage de Canal +, aussi. Rencontre avec le plus connu des graphistes fran\u00e7ais.","og_url":"https:\/\/www.museumtv.art\/en\/program\/22630-etienne-robial-profession-graphiste-s00-e196\/","og_site_name":"Museum TV","article_publisher":"https:\/\/www.facebook.com\/museumtv.art\/","article_modified_time":"2025-12-29T06:08:18+00:00","og_image":[{"width":1920,"height":1080,"url":"https:\/\/www.museumtv.art\/wp-content\/uploads\/2021\/08\/art-news-s2612625969a225.jpeg","type":"image\/jpeg"}],"twitter_card":"summary_large_image","schema":{"@context":"https:\/\/schema.org","@graph":[{"@type":"WebPage","@id":"https:\/\/www.museumtv.art\/en\/program\/22630-etienne-robial-profession-graphiste-s00-e196\/","url":"https:\/\/www.museumtv.art\/en\/program\/22630-etienne-robial-profession-graphiste-s00-e196\/","name":"Etienne Robial, profession : graphiste - Museum TV","isPartOf":{"@id":"https:\/\/www.museumtv.art\/#website"},"primaryImageOfPage":{"@id":"https:\/\/www.museumtv.art\/en\/program\/22630-etienne-robial-profession-graphiste-s00-e196\/#primaryimage"},"image":{"@id":"https:\/\/www.museumtv.art\/en\/program\/22630-etienne-robial-profession-graphiste-s00-e196\/#primaryimage"},"thumbnailUrl":"https:\/\/www.museumtv.art\/wp-content\/uploads\/2021\/08\/art-news-s2612625969a225.jpeg","datePublished":"2022-09-07T12:11:32+00:00","dateModified":"2025-12-29T06:08:18+00:00","breadcrumb":{"@id":"https:\/\/www.museumtv.art\/en\/program\/22630-etienne-robial-profession-graphiste-s00-e196\/#breadcrumb"},"inLanguage":"en-US","potentialAction":[{"@type":"ReadAction","target":["https:\/\/www.museumtv.art\/en\/program\/22630-etienne-robial-profession-graphiste-s00-e196\/"]}]},{"@type":"ImageObject","inLanguage":"en-US","@id":"https:\/\/www.museumtv.art\/en\/program\/22630-etienne-robial-profession-graphiste-s00-e196\/#primaryimage","url":"https:\/\/www.museumtv.art\/wp-content\/uploads\/2021\/08\/art-news-s2612625969a225.jpeg","contentUrl":"https:\/\/www.museumtv.art\/wp-content\/uploads\/2021\/08\/art-news-s2612625969a225.jpeg","width":1920,"height":1080},{"@type":"BreadcrumbList","@id":"https:\/\/www.museumtv.art\/en\/program\/22630-etienne-robial-profession-graphiste-s00-e196\/#breadcrumb","itemListElement":[{"@type":"ListItem","position":1,"name":"Accueil","item":"https:\/\/www.museumtv.art\/en\/"},{"@type":"ListItem","position":2,"name":"Programs","item":"https:\/\/www.museumtv.art\/programs\/"},{"@type":"ListItem","position":3,"name":"Etienne Robial, profession : graphiste"}]},{"@type":"WebSite","@id":"https:\/\/www.museumtv.art\/#website","url":"https:\/\/www.museumtv.art\/","name":"Museum TV","description":"The first channel dedicated to art","publisher":{"@id":"https:\/\/www.museumtv.art\/#organization"},"potentialAction":[{"@type":"SearchAction","target":{"@type":"EntryPoint","urlTemplate":"https:\/\/www.museumtv.art\/?s={search_term_string}"},"query-input":{"@type":"PropertyValueSpecification","valueRequired":true,"valueName":"search_term_string"}}],"inLanguage":"en-US"},{"@type":"Organization","@id":"https:\/\/www.museumtv.art\/#organization","name":"Museum TV","url":"https:\/\/www.museumtv.art\/","logo":{"@type":"ImageObject","inLanguage":"en-US","@id":"https:\/\/www.museumtv.art\/#\/schema\/logo\/image\/","url":"https:\/\/www.museumtv.art\/wp-content\/uploads\/2021\/10\/apple-touch-icon-1.png","contentUrl":"https:\/\/www.museumtv.art\/wp-content\/uploads\/2021\/10\/apple-touch-icon-1.png","width":180,"height":180,"caption":"Museum TV"},"image":{"@id":"https:\/\/www.museumtv.art\/#\/schema\/logo\/image\/"},"sameAs":["https:\/\/www.facebook.com\/museumtv.art\/","https:\/\/www.instagram.com\/museumtv_art\/?hl=fr","https:\/\/www.linkedin.com\/company\/museumtv"]}]}},"status_options":[{"label":"Inactive","value":"inactive"}],"_links":{"self":[{"href":"https:\/\/www.museumtv.art\/en\/wp-json\/wp\/v2\/programs\/120526","targetHints":{"allow":["GET"]}}],"collection":[{"href":"https:\/\/www.museumtv.art\/en\/wp-json\/wp\/v2\/programs"}],"about":[{"href":"https:\/\/www.museumtv.art\/en\/wp-json\/wp\/v2\/types\/program"}],"wp:featuredmedia":[{"embeddable":true,"href":"https:\/\/www.museumtv.art\/en\/wp-json\/wp\/v2\/media\/120525"}],"wp:attachment":[{"href":"https:\/\/www.museumtv.art\/en\/wp-json\/wp\/v2\/media?parent=120526"}],"wp:term":[{"taxonomy":"program_type","embeddable":true,"href":"https:\/\/www.museumtv.art\/en\/wp-json\/wp\/v2\/program_type?post=120526"},{"taxonomy":"group","embeddable":true,"href":"https:\/\/www.museumtv.art\/en\/wp-json\/wp\/v2\/group?post=120526"},{"taxonomy":"d_category","embeddable":true,"href":"https:\/\/www.museumtv.art\/en\/wp-json\/wp\/v2\/d_category?post=120526"},{"taxonomy":"genre","embeddable":true,"href":"https:\/\/www.museumtv.art\/en\/wp-json\/wp\/v2\/genre?post=120526"}],"curies":[{"name":"wp","href":"https:\/\/api.w.org\/{rel}","templated":true}]}}

<p>Vous ne connaissez peut-être pas nom, mais vous n’avez pas pu passer à côté de son style. Issu de la contre-culture, un poil rebelle, Etienne Robial a façonné l’identité visuelle d’une génération. Le logo des Inrock, c’est lui, l’habillage de Canal +, aussi. Rencontre avec le plus connu des graphistes français.</p>
<p>Art News est une émission d’actualité autour du monde de l’art présentée par Alice Blanquin et diffusée chaque semaine sur Museum TV.</p>

<p>Issu de la contre-culture, un poil rebelle, Etienne Robial a façonné l’identité visuelle d’une génération. Le logo des Inrock, c’est lui, l’habillage de Canal +, aussi. Rencontre avec le plus connu des graphistes français.</p>

<!-- This site is optimized with the Yoast SEO plugin v24.0 - https://yoast.com/wordpress/plugins/seo/ -->
<title>Etienne Robial, profession : graphiste - Museum TV</title>
<meta name="robots" content="index, follow, max-snippet:-1, max-image-preview:large, max-video-preview:-1" />
<link rel="canonical" href="https://www.museumtv.art/en/program/22630-etienne-robial-profession-graphiste-s00-e196/" />
<meta property="og:locale" content="en_US" />
<meta property="og:type" content="article" />
<meta property="og:title" content="Etienne Robial, profession : graphiste - Museum TV" />
<meta property="og:description" content="Issu de la contre-culture, un poil rebelle, Etienne Robial a façonné l’identité visuelle d’une génération. Le logo des Inrock, c’est lui, l’habillage de Canal +, aussi. Rencontre avec le plus connu des graphistes français." />
<meta property="og:url" content="https://www.museumtv.art/en/program/22630-etienne-robial-profession-graphiste-s00-e196/" />
<meta property="og:site_name" content="Museum TV" />
<meta property="article:publisher" content="https://www.facebook.com/museumtv.art/" />
<meta property="article:modified_time" content="2025-12-29T06:08:18+00:00" />
<meta property="og:image" content="https://www.museumtv.art/wp-content/uploads/2021/08/art-news-s2612625969a225.jpeg" />
	<meta property="og:image:width" content="1920" />
	<meta property="og:image:height" content="1080" />
	<meta property="og:image:type" content="image/jpeg" />
<meta name="twitter:card" content="summary_large_image" />
<script type="application/ld+json" class="yoast-schema-graph">{"@context":"https://schema.org","@graph":[{"@type":"WebPage","@id":"https://www.museumtv.art/en/program/22630-etienne-robial-profession-graphiste-s00-e196/","url":"https://www.museumtv.art/en/program/22630-etienne-robial-profession-graphiste-s00-e196/","name":"Etienne Robial, profession : graphiste - Museum TV","isPartOf":{"@id":"https://www.museumtv.art/#website"},"primaryImageOfPage":{"@id":"https://www.museumtv.art/en/program/22630-etienne-robial-profession-graphiste-s00-e196/#primaryimage"},"image":{"@id":"https://www.museumtv.art/en/program/22630-etienne-robial-profession-graphiste-s00-e196/#primaryimage"},"thumbnailUrl":"https://www.museumtv.art/wp-content/uploads/2021/08/art-news-s2612625969a225.jpeg","datePublished":"2022-09-07T12:11:32+00:00","dateModified":"2025-12-29T06:08:18+00:00","breadcrumb":{"@id":"https://www.museumtv.art/en/program/22630-etienne-robial-profession-graphiste-s00-e196/#breadcrumb"},"inLanguage":"en-US","potentialAction":[{"@type":"ReadAction","target":["https://www.museumtv.art/en/program/22630-etienne-robial-profession-graphiste-s00-e196/"]}]},{"@type":"ImageObject","inLanguage":"en-US","@id":"https://www.museumtv.art/en/program/22630-etienne-robial-profession-graphiste-s00-e196/#primaryimage","url":"https://www.museumtv.art/wp-content/uploads/2021/08/art-news-s2612625969a225.jpeg","contentUrl":"https://www.museumtv.art/wp-content/uploads/2021/08/art-news-s2612625969a225.jpeg","width":1920,"height":1080},{"@type":"BreadcrumbList","@id":"https://www.museumtv.art/en/program/22630-etienne-robial-profession-graphiste-s00-e196/#breadcrumb","itemListElement":[{"@type":"ListItem","position":1,"name":"Accueil","item":"https://www.museumtv.art/en/"},{"@type":"ListItem","position":2,"name":"Programs","item":"https://www.museumtv.art/programs/"},{"@type":"ListItem","position":3,"name":"Etienne Robial, profession : graphiste"}]},{"@type":"WebSite","@id":"https://www.museumtv.art/#website","url":"https://www.museumtv.art/","name":"Museum TV","description":"The first channel dedicated to art","publisher":{"@id":"https://www.museumtv.art/#organization"},"potentialAction":[{"@type":"SearchAction","target":{"@type":"EntryPoint","urlTemplate":"https://www.museumtv.art/?s={search_term_string}"},"query-input":{"@type":"PropertyValueSpecification","valueRequired":true,"valueName":"search_term_string"}}],"inLanguage":"en-US"},{"@type":"Organization","@id":"https://www.museumtv.art/#organization","name":"Museum TV","url":"https://www.museumtv.art/","logo":{"@type":"ImageObject","inLanguage":"en-US","@id":"https://www.museumtv.art/#/schema/logo/image/","url":"https://www.museumtv.art/wp-content/uploads/2021/10/apple-touch-icon-1.png","contentUrl":"https://www.museumtv.art/wp-content/uploads/2021/10/apple-touch-icon-1.png","width":180,"height":180,"caption":"Museum TV"},"image":{"@id":"https://www.museumtv.art/#/schema/logo/image/"},"sameAs":["https://www.facebook.com/museumtv.art/","https://www.instagram.com/museumtv_art/?hl=fr","https://www.linkedin.com/company/museumtv"]}]}</script>
<!-- / Yoast SEO plugin. -->

Issu de la contre-culture, un poil rebelle, Etienne Robial a façonné l’identité visuelle d’une génération. Le logo des Inrock, c’est lui, l’habillage de Canal +, aussi. Rencontre avec le plus connu des graphistes français.
